CRAN Package Check Results for Package bayeslm

Last updated on 2025-05-03 12:54:35 CEST.

Flavor Version Tinstall Tcheck Ttotal Status Flags
r-devel-linux-x86_64-debian-clang 1.0.1 149.71 47.66 197.37 NOTE
r-devel-linux-x86_64-debian-gcc 1.0.1 113.81 34.61 148.42 NOTE
r-devel-linux-x86_64-fedora-clang 1.0.1 363.41 NOTE
r-devel-linux-x86_64-fedora-gcc 1.0.1 434.48 NOTE
r-devel-windows-x86_64 1.0.1 198.00 98.00 296.00 NOTE
r-patched-linux-x86_64 1.0.1 161.08 43.93 205.01 NOTE
r-release-linux-x86_64 NOTE
r-release-macos-arm64 1.0.1 96.00 NOTE
r-release-macos-x86_64 1.0.1 103.00 NOTE
r-release-windows-x86_64 1.0.1 199.00 97.00 296.00 NOTE
r-oldrel-macos-arm64 1.0.1 54.00 NOTE
r-oldrel-macos-x86_64 1.0.1 72.00 NOTE
r-oldrel-windows-x86_64 1.0.1 222.00 118.00 340.00 NOTE

Check Details

Version: 1.0.1
Check: CRAN incoming feasibility
Result: NOTE Maintainer: ‘Jingyu He <jingyuhe@cityu.edu.hk>’ The Description field contains priors, Hahn, He and Lopes (2018) <arXiv:1806.05738>. Please refer to arXiv e-prints via their arXiv DOI <doi:10.48550/arXiv.YYMM.NNNNN>. Flavors: r-devel-linux-x86_64-debian-clang, r-devel-linux-x86_64-debian-gcc

Version: 1.0.1
Check: C++ specification
Result: NOTE Specified C++11: please drop specification unless essential Flavors: r-devel-linux-x86_64-debian-clang, r-devel-linux-x86_64-debian-gcc, r-devel-linux-x86_64-fedora-clang, r-devel-linux-x86_64-fedora-gcc, r-devel-windows-x86_64, r-patched-linux-x86_64, r-release-linux-x86_64, r-release-macos-arm64, r-release-macos-x86_64, r-release-windows-x86_64, r-oldrel-macos-arm64, r-oldrel-macos-x86_64, r-oldrel-windows-x86_64

Version: 1.0.1
Check: Rd files
Result: NOTE checkRd: (-1) predict.bayeslm.fit.Rd:18: Lost braces; missing escapes or markup? 18 | \item{X }{ If call \code{bayeslm} with matrices input \code{x} and {y} but not formula, pass new matrix to predict here. See example for details.} | ^ Flavors: r-devel-linux-x86_64-debian-clang, r-devel-linux-x86_64-debian-gcc, r-devel-linux-x86_64-fedora-clang, r-devel-linux-x86_64-fedora-gcc, r-devel-windows-x86_64, r-patched-linux-x86_64, r-release-linux-x86_64, r-release-macos-arm64, r-release-macos-x86_64, r-release-windows-x86_64, r-oldrel-macos-arm64, r-oldrel-macos-x86_64, r-oldrel-windows-x86_64

Version: 1.0.1
Check: Rd cross-references
Result: NOTE Found the following Rd file(s) with Rd \link{} targets missing package anchors: hs_gibbs.Rd: summary.mcmc summary.bayeslm.fit.Rd: summary.mcmc Please provide package anchors for all Rd \link{} targets not in the package itself and the base packages. Flavors: r-devel-linux-x86_64-debian-clang, r-devel-linux-x86_64-debian-gcc, r-devel-windows-x86_64, r-patched-linux-x86_64, r-release-linux-x86_64, r-release-windows-x86_64

Version: 1.0.1
Check: installed package size
Result: NOTE installed size is 8.5Mb sub-directories of 1Mb or more: libs 8.2Mb Flavors: r-oldrel-macos-arm64, r-oldrel-macos-x86_64

Version: 1.0.1
Check: for GNU extensions in Makefiles
Result: NOTE GNU make is a SystemRequirements. Flavors: r-oldrel-macos-arm64, r-oldrel-macos-x86_64, r-oldrel-windows-x86_64