Last updated on 2024-06-17 06:50:11 CEST.
Flavor | Version | Tinstall | Tcheck | Ttotal | Status | Flags |
---|---|---|---|---|---|---|
r-devel-linux-x86_64-debian-clang | 0.13.2 | 17.28 | 893.53 | 910.81 | OK | |
r-devel-linux-x86_64-debian-gcc | 0.13.2 | 13.03 | 719.09 | 732.12 | OK | |
r-devel-linux-x86_64-fedora-clang | 0.13.2 | 965.55 | OK | |||
r-devel-linux-x86_64-fedora-gcc | 0.13.2 | 1391.58 | OK | |||
r-devel-windows-x86_64 | 0.13.2 | 15.00 | 363.00 | 378.00 | OK | |
r-patched-linux-x86_64 | 0.13.2 | 16.49 | 914.44 | 930.93 | NOTE | |
r-release-linux-x86_64 | 0.13.2 | 17.17 | 801.46 | 818.63 | NOTE | |
r-release-macos-arm64 | 0.13.2 | 163.00 | OK | |||
r-release-macos-x86_64 | 0.13.2 | 272.00 | OK | |||
r-release-windows-x86_64 | 0.13.2 | 14.00 | 364.00 | 378.00 | OK | |
r-oldrel-macos-arm64 | 0.13.2 | 159.00 | OK | |||
r-oldrel-macos-x86_64 | 0.13.2 | 407.00 | OK | |||
r-oldrel-windows-x86_64 | 0.13.2 | 18.00 | 484.00 | 502.00 | OK |
Version: 0.13.2
Check: package dependencies
Result: NOTE
Package suggested but not available for checking: ‘blavaan’
Flavors: r-patched-linux-x86_64, r-release-linux-x86_64