Last updated on 2025-05-03 21:51:10 CEST.
Flavor | Version | Tinstall | Tcheck | Ttotal | Status | Flags |
---|---|---|---|---|---|---|
r-devel-linux-x86_64-debian-clang | 1.0.0 | 129.27 | 117.30 | 246.57 | OK | |
r-devel-linux-x86_64-debian-gcc | 1.0.0 | 123.80 | 94.49 | 218.29 | OK | |
r-devel-linux-x86_64-fedora-clang | 1.0.0 | 377.66 | OK | |||
r-devel-linux-x86_64-fedora-gcc | 1.0.0 | 494.85 | OK | |||
r-devel-windows-x86_64 | 1.0.0 | 149.00 | 144.00 | 293.00 | OK | |
r-patched-linux-x86_64 | 1.0.0 | 150.43 | 124.33 | 274.76 | OK | |
r-release-linux-x86_64 | OK | |||||
r-release-macos-arm64 | 1.0.0 | 100.00 | OK | |||
r-release-macos-x86_64 | 1.0.0 | 263.00 | OK | |||
r-release-windows-x86_64 | 1.0.0 | 138.00 | 143.00 | 281.00 | OK | |
r-oldrel-macos-arm64 | 1.0.0 | 97.00 | NOTE | |||
r-oldrel-macos-x86_64 | 1.0.0 | 154.00 | NOTE | |||
r-oldrel-windows-x86_64 | 1.0.0 | 166.00 | 181.00 | 347.00 | NOTE |
Version: 1.0.0
Check: installed package size
Result: NOTE
installed size is 43.7Mb
sub-directories of 1Mb or more:
libs 43.1Mb
Flavors: r-oldrel-macos-arm64, r-oldrel-macos-x86_64
Version: 1.0.0
Check: for GNU extensions in Makefiles
Result: NOTE
GNU make is a SystemRequirements.
Flavors: r-oldrel-macos-arm64, r-oldrel-macos-x86_64, r-oldrel-windows-x86_64