Last updated on 2025-05-03 21:51:10 CEST.
Flavor | Version | Tinstall | Tcheck | Ttotal | Status | Flags |
---|---|---|---|---|---|---|
r-devel-linux-x86_64-debian-clang | 1.2.5 | 8.92 | 101.89 | 110.81 | NOTE | |
r-devel-linux-x86_64-debian-gcc | 1.2.5 | 5.81 | 68.13 | 73.94 | NOTE | |
r-devel-linux-x86_64-fedora-clang | 1.2.5 | 156.99 | OK | |||
r-devel-linux-x86_64-fedora-gcc | 1.2.5 | 170.21 | OK | |||
r-devel-windows-x86_64 | 1.2.5 | 11.00 | 102.00 | 113.00 | OK | --no-vignettes |
r-patched-linux-x86_64 | 1.2.5 | 8.89 | 89.64 | 98.53 | OK | |
r-release-linux-x86_64 | OK | |||||
r-release-macos-arm64 | 1.2.5 | 177.00 | OK | |||
r-release-macos-x86_64 | 1.2.5 | 241.00 | OK | |||
r-release-windows-x86_64 | 1.2.5 | 10.00 | 98.00 | 108.00 | OK | --no-vignettes |
r-oldrel-macos-arm64 | 1.2.5 | 125.00 | OK | |||
r-oldrel-macos-x86_64 | 1.2.5 | 184.00 | OK | |||
r-oldrel-windows-x86_64 | 1.2.5 | 14.00 | 97.00 | 111.00 | OK | --no-vignettes |
Version: 1.2.5
Check: CRAN incoming feasibility
Result: NOTE
Maintainer: ‘Collin Nolte <collin-nolte@uiowa.edu>’
No Authors@R field in DESCRIPTION.
Please add one, modifying
Authors@R: c(person(given = "Collin",
family = "Nolte",
role = c("aut", "cre"),
email = "collin-nolte@uiowa.edu"),
person(given = "Michael",
family = "Seedorff",
role = "aut"),
person(given = "Jacob",
family = "Oleson",
role = "aut"),
person(given = "Grant",
family = "Brown",
role = "aut"),
person(given = "Joseph",
family = "Cavanaugh",
role = "aut"),
person(given = "Bob",
family = "McMurray",
role = "aut"))
as necessary.
Flavors: r-devel-linux-x86_64-debian-clang, r-devel-linux-x86_64-debian-gcc