Last updated on 2025-05-03 21:51:10 CEST.
Flavor | Version | Tinstall | Tcheck | Ttotal | Status | Flags |
---|---|---|---|---|---|---|
r-devel-linux-x86_64-debian-clang | 0.1.1 | 1.99 | 18.84 | 20.83 | NOTE | |
r-devel-linux-x86_64-debian-gcc | 0.1.1 | 1.76 | 15.24 | 17.00 | NOTE | |
r-devel-linux-x86_64-fedora-clang | 0.1.1 | 33.58 | OK | |||
r-devel-linux-x86_64-fedora-gcc | 0.1.1 | 31.79 | OK | |||
r-devel-windows-x86_64 | 0.1.1 | 4.00 | 53.00 | 57.00 | OK | |
r-patched-linux-x86_64 | 0.1.1 | 2.06 | 17.84 | 19.90 | OK | |
r-release-linux-x86_64 | OK | |||||
r-release-macos-arm64 | 0.1.1 | 17.00 | OK | |||
r-release-macos-x86_64 | 0.1.1 | 25.00 | OK | |||
r-release-windows-x86_64 | 0.1.1 | 4.00 | 38.00 | 42.00 | OK | |
r-oldrel-macos-arm64 | 0.1.1 | 15.00 | NOTE | |||
r-oldrel-macos-x86_64 | 0.1.1 | 23.00 | NOTE | |||
r-oldrel-windows-x86_64 | 0.1.1 | 5.00 | 45.00 | 50.00 | NOTE |
Version: 0.1.1
Check: CRAN incoming feasibility
Result: NOTE
Maintainer: ‘Valentin Thorey <valentin@dreem.com>’
No Authors@R field in DESCRIPTION.
Please add one, modifying
Authors@R: c(person(given = "Dylan",
family = "Heirstraeten",
role = "aut"),
person(given = "Valentin",
family = "Thorey",
role = "cre",
email = "valentin@dreem.com"))
as necessary.
Flavors: r-devel-linux-x86_64-debian-clang, r-devel-linux-x86_64-debian-gcc
Version: 0.1.1
Check: LazyData
Result: NOTE
'LazyData' is specified without a 'data' directory
Flavors: r-oldrel-macos-arm64, r-oldrel-macos-x86_64, r-oldrel-windows-x86_64