Last updated on 2025-05-03 12:54:35 CEST.
Flavor | Version | Tinstall | Tcheck | Ttotal | Status | Flags |
---|---|---|---|---|---|---|
r-devel-linux-x86_64-debian-clang | 1.22.5 | 9.77 | 100.71 | 110.48 | NOTE | |
r-devel-linux-x86_64-debian-gcc | 1.22.5 | 6.39 | 68.43 | 74.82 | NOTE | |
r-devel-linux-x86_64-fedora-clang | 1.22.5 | 170.18 | OK | |||
r-devel-linux-x86_64-fedora-gcc | 1.22.5 | 180.29 | OK | |||
r-devel-windows-x86_64 | 1.22.5 | 11.00 | 145.00 | 156.00 | NOTE | |
r-patched-linux-x86_64 | 1.22.5 | 12.83 | 94.13 | 106.96 | NOTE | |
r-release-linux-x86_64 | NOTE | |||||
r-release-macos-arm64 | 1.22.5 | 50.00 | OK | |||
r-release-macos-x86_64 | 1.22.5 | 120.00 | OK | |||
r-release-windows-x86_64 | 1.22.5 | 12.00 | 140.00 | 152.00 | NOTE | |
r-oldrel-macos-arm64 | 1.22.5 | 48.00 | OK | |||
r-oldrel-macos-x86_64 | 1.22.5 | 108.00 | OK | |||
r-oldrel-windows-x86_64 | 1.22.5 | 15.00 | 172.00 | 187.00 | OK |
Version: 1.22.5
Check: CRAN incoming feasibility
Result: NOTE
Maintainer: ‘Berry Boessenkool <berry-b@gmx.de>’
No Authors@R field in DESCRIPTION.
Please add one, modifying
Authors@R: person(given = "Berry",
family = "Boessenkool",
role = c("aut", "cre"),
email = "berry-b@gmx.de")
as necessary.
The BugReports field in DESCRIPTION has
https://github.com/brry/berryFunctions
which should likely be
https://github.com/brry/berryFunctions/issues
instead.
Flavors: r-devel-linux-x86_64-debian-clang, r-devel-linux-x86_64-debian-gcc
Version: 1.22.5
Check: Rd cross-references
Result: NOTE
Found the following Rd file(s) with Rd \link{} targets missing package
anchors:
l2array.Rd: abind
Please provide package anchors for all Rd \link{} targets not in the
package itself and the base packages.
Flavors: r-devel-linux-x86_64-debian-clang, r-devel-linux-x86_64-debian-gcc, r-devel-windows-x86_64, r-patched-linux-x86_64, r-release-linux-x86_64, r-release-windows-x86_64