Last updated on 2025-05-03 21:51:10 CEST.
Flavor | Version | Tinstall | Tcheck | Ttotal | Status | Flags |
---|---|---|---|---|---|---|
r-devel-linux-x86_64-debian-clang | 1.1.2 | 2.33 | 35.81 | 38.14 | NOTE | |
r-devel-linux-x86_64-debian-gcc | 1.1.2 | 1.76 | 24.19 | 25.95 | NOTE | |
r-devel-linux-x86_64-fedora-clang | 1.1.2 | 60.91 | OK | |||
r-devel-linux-x86_64-fedora-gcc | 1.1.2 | 60.44 | OK | |||
r-devel-windows-x86_64 | 1.1.2 | 3.00 | 54.00 | 57.00 | OK | |
r-patched-linux-x86_64 | 1.1.2 | 2.69 | 32.92 | 35.61 | OK | |
r-release-linux-x86_64 | OK | |||||
r-release-macos-arm64 | 1.1.2 | 22.00 | OK | |||
r-release-macos-x86_64 | 1.1.2 | 35.00 | OK | |||
r-release-windows-x86_64 | 1.1.2 | 3.00 | 55.00 | 58.00 | OK | |
r-oldrel-macos-arm64 | 1.1.2 | 26.00 | OK | |||
r-oldrel-macos-x86_64 | 1.1.2 | 29.00 | OK | |||
r-oldrel-windows-x86_64 | 1.1.2 | 3.00 | 53.00 | 56.00 | OK |
Version: 1.1.2
Check: CRAN incoming feasibility
Result: NOTE
Maintainer: ‘Aaron Olsen <aarolsen@gmail.com>’
No Authors@R field in DESCRIPTION.
Please add one, modifying
Authors@R: person(given = "Aaron",
family = "Olsen",
role = c("aut", "cre"),
email = "aarolsen@gmail.com")
as necessary.
Flavors: r-devel-linux-x86_64-debian-clang, r-devel-linux-x86_64-debian-gcc