Last updated on 2025-07-24 06:49:21 CEST.
Flavor | Version | Tinstall | Tcheck | Ttotal | Status | Flags |
---|---|---|---|---|---|---|
r-devel-linux-x86_64-debian-clang | 0.1.9 | 13.92 | 40.90 | 54.82 | OK | |
r-devel-linux-x86_64-debian-gcc | 0.1.9 | 11.76 | 33.82 | 45.58 | OK | |
r-devel-linux-x86_64-fedora-clang | 0.1.9 | 86.00 | OK | |||
r-devel-linux-x86_64-fedora-gcc | 0.1.9 | 83.88 | OK | |||
r-patched-linux-x86_64 | 0.1.9 | 12.75 | 38.98 | 51.73 | OK | |
r-release-linux-x86_64 | 0.1.9 | 12.19 | 38.75 | 50.94 | OK | |
r-release-macos-arm64 | 0.1.9 | 5.00 | ERROR | |||
r-release-macos-x86_64 | 0.1.9 | 8.00 | ERROR | |||
r-oldrel-macos-arm64 | 0.1.9 | 9.00 | ERROR | |||
r-oldrel-macos-x86_64 | 0.1.9 | 12.00 | ERROR |
Version: 0.1.9
Check: package dependencies
Result: ERROR
Package required but not available: ‘Rmpi’
See section ‘The DESCRIPTION file’ in the ‘Writing R Extensions’
manual.
Flavors: r-release-macos-arm64, r-release-macos-x86_64, r-oldrel-macos-arm64, r-oldrel-macos-x86_64