CRAN Package Check Results for Package bigchess

Last updated on 2025-05-06 21:51:37 CEST.

Flavor Version Tinstall Tcheck Ttotal Status Flags
r-devel-linux-x86_64-debian-clang 1.9.1 3.66 41.84 45.50 NOTE
r-devel-linux-x86_64-debian-gcc 1.9.1 2.51 30.48 32.99 NOTE
r-devel-linux-x86_64-fedora-clang 1.9.1 77.94 OK
r-devel-linux-x86_64-fedora-gcc 1.9.1 69.94 OK
r-devel-windows-x86_64 1.9.1 4.00 67.00 71.00 OK
r-patched-linux-x86_64 1.9.1 2.97 38.16 41.13 OK
r-release-linux-x86_64 1.9.1 3.47 39.46 42.93 OK
r-release-macos-arm64 1.9.1 38.00 OK
r-release-macos-x86_64 1.9.1 53.00 OK
r-release-windows-x86_64 1.9.1 4.00 65.00 69.00 OK
r-oldrel-macos-arm64 1.9.1 25.00 NOTE
r-oldrel-macos-x86_64 1.9.1 43.00 NOTE
r-oldrel-windows-x86_64 1.9.1 6.00 75.00 81.00 NOTE

Additional issues

donttest

Check Details

Version: 1.9.1
Check: CRAN incoming feasibility
Result: NOTE Maintainer: ‘Wojciech Rosa <w.rosa@pollub.pl>’ No Authors@R field in DESCRIPTION. Please add one, modifying Authors@R: person(given = "Wojciech", family = "Rosa", role = c("aut", "cre"), email = "w.rosa@pollub.pl") as necessary. Flavors: r-devel-linux-x86_64-debian-clang, r-devel-linux-x86_64-debian-gcc

Version: 1.9.1
Check: package dependencies
Result: NOTE Package suggested but not available for checking: ‘ffbase’ Flavors: r-oldrel-macos-arm64, r-oldrel-macos-x86_64, r-oldrel-windows-x86_64