Last updated on 2025-05-07 06:49:44 CEST.
Flavor | Version | Tinstall | Tcheck | Ttotal | Status | Flags |
---|---|---|---|---|---|---|
r-devel-linux-x86_64-debian-clang | 0.0-7 | 2.49 | 25.43 | 27.92 | NOTE | |
r-devel-linux-x86_64-debian-gcc | 0.0-7 | 1.92 | 19.86 | 21.78 | NOTE | |
r-devel-linux-x86_64-fedora-clang | 0.0-7 | 45.03 | OK | |||
r-devel-linux-x86_64-fedora-gcc | 0.0-7 | 43.99 | OK | |||
r-devel-windows-x86_64 | 0.0-7 | 4.00 | 46.00 | 50.00 | OK | |
r-patched-linux-x86_64 | 0.0-7 | 2.86 | 24.23 | 27.09 | OK | |
r-release-linux-x86_64 | 0.0-7 | 2.32 | 24.59 | 26.91 | OK | |
r-release-macos-arm64 | 0.0-7 | 18.00 | OK | |||
r-release-macos-x86_64 | 0.0-7 | 45.00 | OK | |||
r-release-windows-x86_64 | 0.0-7 | 3.00 | 48.00 | 51.00 | OK | |
r-oldrel-macos-arm64 | 0.0-7 | 19.00 | OK | |||
r-oldrel-macos-x86_64 | 0.0-7 | 25.00 | OK | |||
r-oldrel-windows-x86_64 | 0.0-7 | 3.00 | 52.00 | 55.00 | OK |
Version: 0.0-7
Check: CRAN incoming feasibility
Result: NOTE
Maintainer: ‘Frank Schaarschmidt <schaarschmidt@biostat.uni-hannover.de>’
No Authors@R field in DESCRIPTION.
Please add one, modifying
Authors@R: person(given = "Frank",
family = "Schaarschmidt",
role = c("aut", "cre"),
email = "schaarschmidt@biostat.uni-hannover.de")
as necessary.
Flavors: r-devel-linux-x86_64-debian-clang, r-devel-linux-x86_64-debian-gcc