Last updated on 2025-05-03 21:51:11 CEST.
Flavor | Version | Tinstall | Tcheck | Ttotal | Status | Flags |
---|---|---|---|---|---|---|
r-devel-linux-x86_64-debian-clang | 1.1-1.1 | 4.27 | 38.88 | 43.15 | NOTE | |
r-devel-linux-x86_64-debian-gcc | 1.1-1.1 | 3.32 | 29.57 | 32.89 | NOTE | |
r-devel-linux-x86_64-fedora-clang | 1.1-1.1 | 66.88 | NOTE | |||
r-devel-linux-x86_64-fedora-gcc | 1.1-1.1 | 65.58 | NOTE | |||
r-devel-windows-x86_64 | 1.1-1.1 | 7.00 | 61.00 | 68.00 | NOTE | |
r-patched-linux-x86_64 | 1.1-1.1 | 4.08 | 36.76 | 40.84 | NOTE | |
r-release-linux-x86_64 | NOTE | |||||
r-release-macos-arm64 | 1.1-1.1 | 25.00 | NOTE | |||
r-release-macos-x86_64 | 1.1-1.1 | 54.00 | NOTE | |||
r-release-windows-x86_64 | 1.1-1.1 | 9.00 | 59.00 | 68.00 | NOTE | |
r-oldrel-macos-arm64 | 1.1-1.1 | 26.00 | NOTE | |||
r-oldrel-macos-x86_64 | 1.1-1.1 | 57.00 | NOTE | |||
r-oldrel-windows-x86_64 | 1.1-1.1 | 8.00 | 71.00 | 79.00 | NOTE |
Version: 1.1-1.1
Check: CRAN incoming feasibility
Result: NOTE
Maintainer: ‘Sundar Dorai-Raj <sdorairaj@gmail.com>’
No Authors@R field in DESCRIPTION.
Please add one, modifying
Authors@R: person(given = "Sundar",
family = "Dorai-Raj",
role = c("aut", "cre"),
email = "sundar.dorai-raj@pdf.com")
as necessary.
Flavors: r-devel-linux-x86_64-debian-clang, r-devel-linux-x86_64-debian-gcc
Version: 1.1-1.1
Check: Rd files
Result: NOTE
checkRd: (-1) binom.confint.Rd:28-29: Lost braces in \itemize; meant \describe ?
checkRd: (-1) binom.confint.Rd:30-31: Lost braces in \itemize; meant \describe ?
checkRd: (-1) binom.confint.Rd:32-37: Lost braces in \itemize; meant \describe ?
checkRd: (-1) binom.confint.Rd:38: Lost braces in \itemize; meant \describe ?
checkRd: (-1) binom.confint.Rd:39-40: Lost braces in \itemize; meant \describe ?
checkRd: (-1) binom.confint.Rd:41: Lost braces in \itemize; meant \describe ?
checkRd: (-1) binom.confint.Rd:42: Lost braces in \itemize; meant \describe ?
checkRd: (-1) binom.confint.Rd:43: Lost braces in \itemize; meant \describe ?
checkRd: (-1) binom.confint.Rd:44: Lost braces in \itemize; meant \describe ?
checkRd: (-1) binom.confint.Rd:45: Lost braces in \itemize; meant \describe ?
Flavors: r-devel-linux-x86_64-debian-clang, r-devel-linux-x86_64-debian-gcc, r-devel-linux-x86_64-fedora-clang, r-devel-linux-x86_64-fedora-gcc, r-devel-windows-x86_64, r-patched-linux-x86_64, r-release-linux-x86_64, r-release-macos-arm64, r-release-macos-x86_64, r-release-windows-x86_64, r-oldrel-macos-arm64, r-oldrel-macos-x86_64, r-oldrel-windows-x86_64
Version: 1.1-1.1
Check: compiled code
Result: NOTE
File ‘binom/libs/binom.so’:
Found no calls to: ‘R_registerRoutines’, ‘R_useDynamicSymbols’
It is good practice to register native routines and to disable symbol
search.
See ‘Writing portable packages’ in the ‘Writing R Extensions’ manual.
Flavors: r-devel-linux-x86_64-fedora-clang, r-devel-linux-x86_64-fedora-gcc