Last updated on 2024-06-16 11:57:52 CEST.
Flavor | Version | Tinstall | Tcheck | Ttotal | Status | Flags |
---|---|---|---|---|---|---|
r-devel-linux-x86_64-debian-clang | 1.2.0 | 6.47 | 25.05 | 31.52 | NOTE | |
r-devel-linux-x86_64-debian-gcc | 1.2.0 | 6.20 | 19.47 | 25.67 | NOTE | |
r-devel-linux-x86_64-fedora-clang | 1.2.0 | 40.50 | NOTE | |||
r-devel-linux-x86_64-fedora-gcc | 1.2.0 | 42.50 | NOTE | |||
r-devel-windows-x86_64 | 1.2.0 | 11.00 | 38.00 | 49.00 | NOTE | |
r-patched-linux-x86_64 | 1.2.0 | 7.03 | 23.82 | 30.85 | NOTE | |
r-release-linux-x86_64 | 1.2.0 | 7.01 | 24.01 | 31.02 | NOTE | |
r-release-macos-arm64 | 1.2.0 | 16.00 | NOTE | |||
r-release-macos-x86_64 | 1.2.0 | 31.00 | NOTE | |||
r-release-windows-x86_64 | 1.2.0 | 10.00 | 39.00 | 49.00 | NOTE | |
r-oldrel-macos-arm64 | 1.2.0 | 18.00 | OK | |||
r-oldrel-macos-x86_64 | 1.2.0 | 26.00 | OK | |||
r-oldrel-windows-x86_64 | 1.2.0 | 10.00 | 38.00 | 48.00 | OK |
Version: 1.2.0
Check: Rd files
Result: NOTE
checkRd: (-1) simulation.Rd:52-54: Lost braces in \itemize; meant \describe ?
checkRd: (-1) simulation.Rd:55-57: Lost braces in \itemize; meant \describe ?
checkRd: (-1) simulation.Rd:58-59: Lost braces in \itemize; meant \describe ?
checkRd: (-1) simulation.Rd:60-62: Lost braces in \itemize; meant \describe ?
checkRd: (-1) simulation.Rd:63: Lost braces in \itemize; meant \describe ?
checkRd: (-1) simulation.Rd:64: Lost braces in \itemize; meant \describe ?
checkRd: (-1) simulation.Rd:65: Lost braces in \itemize; meant \describe ?
Flavors: r-devel-linux-x86_64-debian-clang, r-devel-linux-x86_64-debian-gcc, r-devel-linux-x86_64-fedora-clang, r-devel-linux-x86_64-fedora-gcc, r-devel-windows-x86_64, r-patched-linux-x86_64, r-release-linux-x86_64, r-release-macos-arm64, r-release-macos-x86_64, r-release-windows-x86_64
Version: 1.2.0
Check: compiled code
Result: NOTE
File ‘bioPN/libs/bioPN.so’:
Found no calls to: ‘R_registerRoutines’, ‘R_useDynamicSymbols’
It is good practice to register native routines and to disable symbol
search.
See ‘Writing portable packages’ in the ‘Writing R Extensions’ manual.
Flavors: r-devel-linux-x86_64-fedora-clang, r-devel-linux-x86_64-fedora-gcc