Last updated on 2025-05-03 21:51:11 CEST.
Flavor | Version | Tinstall | Tcheck | Ttotal | Status | Flags |
---|---|---|---|---|---|---|
r-devel-linux-x86_64-debian-clang | 1.0.1 | 7.52 | 24.14 | 31.66 | OK | |
r-devel-linux-x86_64-debian-gcc | 1.0.1 | 5.66 | 19.02 | 24.68 | OK | |
r-devel-linux-x86_64-fedora-clang | 1.0.1 | 52.10 | NOTE | |||
r-devel-linux-x86_64-fedora-gcc | 1.0.1 | 46.76 | NOTE | |||
r-devel-windows-x86_64 | 1.0.1 | 9.00 | 50.00 | 59.00 | OK | |
r-patched-linux-x86_64 | 1.0.1 | 7.30 | 23.10 | 30.40 | OK | |
r-release-linux-x86_64 | OK | |||||
r-release-macos-arm64 | 1.0.1 | 23.00 | OK | |||
r-release-macos-x86_64 | 1.0.1 | 36.00 | OK | |||
r-release-windows-x86_64 | 1.0.1 | 10.00 | 49.00 | 59.00 | OK | |
r-oldrel-macos-arm64 | 1.0.1 | 26.00 | OK | |||
r-oldrel-macos-x86_64 | 1.0.1 | 41.00 | OK | |||
r-oldrel-windows-x86_64 | 1.0.1 | 11.00 | 54.00 | 65.00 | OK |
Version: 1.0.1
Check: dependencies in R code
Result: NOTE
Namespaces in Imports field not imported from:
‘datana’ ‘ggplot2’ ‘graphics’ ‘lattice’ ‘stats’
All declared Imports should be used.
Flavors: r-devel-linux-x86_64-fedora-clang, r-devel-linux-x86_64-fedora-gcc