Last updated on 2025-05-07 06:49:44 CEST.
Flavor | Version | Tinstall | Tcheck | Ttotal | Status | Flags |
---|---|---|---|---|---|---|
r-devel-linux-x86_64-debian-clang | 2.1.0 | 3.15 | 34.13 | 37.28 | NOTE | |
r-devel-linux-x86_64-debian-gcc | 2.1.0 | 2.35 | 25.24 | 27.59 | NOTE | |
r-devel-linux-x86_64-fedora-clang | 2.1.0 | 59.78 | OK | |||
r-devel-linux-x86_64-fedora-gcc | 2.1.0 | 54.45 | OK | |||
r-devel-windows-x86_64 | 2.1.0 | 5.00 | 58.00 | 63.00 | OK | |
r-patched-linux-x86_64 | 2.1.0 | 3.78 | 32.29 | 36.07 | OK | |
r-release-linux-x86_64 | 2.1.0 | 3.40 | 32.60 | 36.00 | OK | |
r-release-macos-arm64 | 2.1.0 | 26.00 | OK | |||
r-release-macos-x86_64 | 2.1.0 | 62.00 | OK | |||
r-release-windows-x86_64 | 2.1.0 | 4.00 | 60.00 | 64.00 | OK | |
r-oldrel-macos-arm64 | 2.1.0 | 26.00 | OK | |||
r-oldrel-macos-x86_64 | 2.1.0 | 31.00 | OK | |||
r-oldrel-windows-x86_64 | 2.1.0 | 4.00 | 64.00 | 68.00 | OK |
Version: 2.1.0
Check: CRAN incoming feasibility
Result: NOTE
Maintainer: ‘Antonio Guerrero <jaguerrero@correo.uaa.mx>’
No Authors@R field in DESCRIPTION.
Please add one, modifying
Authors@R: c(person(given = "J.A.",
family = "Guerrero",
role = "aut"),
person(given = "J.E.",
family = "Macias-Diaz",
role = "aut"),
person(given = "Antonio",
family = "Guerrero",
role = "cre",
email = "jaguerrero@correo.uaa.mx"))
as necessary.
Flavors: r-devel-linux-x86_64-debian-clang, r-devel-linux-x86_64-debian-gcc