Last updated on 2025-05-03 21:51:11 CEST.
Flavor | Version | Tinstall | Tcheck | Ttotal | Status | Flags |
---|---|---|---|---|---|---|
r-devel-linux-x86_64-debian-clang | 1.0-2 | 6.94 | 41.13 | 48.07 | NOTE | |
r-devel-linux-x86_64-debian-gcc | 1.0-2 | 4.69 | 29.43 | 34.12 | NOTE | |
r-devel-linux-x86_64-fedora-clang | 1.0-2 | 76.17 | NOTE | |||
r-devel-linux-x86_64-fedora-gcc | 1.0-2 | 72.45 | NOTE | |||
r-devel-windows-x86_64 | 1.0-2 | 8.00 | 56.00 | 64.00 | OK | |
r-patched-linux-x86_64 | 1.0-2 | 6.70 | 38.73 | 45.43 | OK | |
r-release-linux-x86_64 | OK | |||||
r-release-macos-arm64 | 1.0-2 | 27.00 | OK | |||
r-release-macos-x86_64 | 1.0-2 | 48.00 | OK | |||
r-release-windows-x86_64 | 1.0-2 | 9.00 | 56.00 | 65.00 | OK | |
r-oldrel-macos-arm64 | 1.0-2 | 23.00 | OK | |||
r-oldrel-macos-x86_64 | 1.0-2 | 35.00 | OK | |||
r-oldrel-windows-x86_64 | 1.0-2 | 10.00 | 67.00 | 77.00 | OK |
Version: 1.0-2
Check: CRAN incoming feasibility
Result: NOTE
Maintainer: ‘Furong Sun <furongs@vt.edu>’
No Authors@R field in DESCRIPTION.
Please add one, modifying
Authors@R: c(person(given = "Furong",
family = "Sun",
role = c("aut", "cre"),
email = "furongs@vt.edu"),
person(given = "Zhonggai",
family = "Li",
role = "aut",
email = "zli@bostonbiomedical.com"))
as necessary.
Flavors: r-devel-linux-x86_64-debian-clang, r-devel-linux-x86_64-debian-gcc
Version: 1.0-2
Check: dependencies in R code
Result: NOTE
Namespace in Imports field not imported from: ‘shiny’
All declared Imports should be used.
Flavors: r-devel-linux-x86_64-fedora-clang, r-devel-linux-x86_64-fedora-gcc