Last updated on 2024-06-17 06:50:12 CEST.
Flavor | Version | Tinstall | Tcheck | Ttotal | Status | Flags |
---|---|---|---|---|---|---|
r-devel-linux-x86_64-debian-clang | 2.0.0 | 1601.37 | 222.91 | 1824.28 | NOTE | |
r-devel-linux-x86_64-debian-gcc | 2.0.0 | 1274.58 | 240.36 | 1514.94 | NOTE | |
r-devel-linux-x86_64-fedora-clang | 2.0.0 | 2005.96 | NOTE | |||
r-devel-linux-x86_64-fedora-gcc | 2.0.0 | 3072.24 | NOTE | |||
r-devel-windows-x86_64 | 2.0.0 | 1113.00 | 261.00 | 1374.00 | NOTE | |
r-patched-linux-x86_64 | 2.0.0 | 1031.04 | 306.94 | 1337.98 | NOTE | |
r-release-linux-x86_64 | 2.0.0 | 0.02 | 2.58 | 2.60 | ERROR | |
r-release-macos-arm64 | 2.0.0 | 538.00 | NOTE | |||
r-release-macos-x86_64 | 2.0.0 | 484.00 | NOTE | |||
r-release-windows-x86_64 | 2.0.0 | 1087.00 | 262.00 | 1349.00 | NOTE | |
r-oldrel-macos-arm64 | 2.0.0 | 840.00 | NOTE | |||
r-oldrel-macos-x86_64 | 2.0.0 | 949.00 | NOTE | |||
r-oldrel-windows-x86_64 | 2.0.0 | 1489.00 | 330.00 | 1819.00 | NOTE |
Version: 2.0.0
Check: Rd files
Result: NOTE
checkRd: (-1) dot-pred_array_to_df.Rd:20: Lost braces; missing escapes or markup?
20 | Helper function for as.data.frame.{fitted, forecast}. Converts predictive array to data.frame.
| ^
Flavors: r-devel-linux-x86_64-debian-clang, r-devel-linux-x86_64-debian-gcc, r-devel-linux-x86_64-fedora-clang, r-devel-linux-x86_64-fedora-gcc, r-devel-windows-x86_64, r-patched-linux-x86_64, r-release-macos-arm64, r-release-macos-x86_64, r-release-windows-x86_64
Version: 2.0.0
Check: for GNU extensions in Makefiles
Result: NOTE
GNU make is a SystemRequirements.
Flavors: r-devel-linux-x86_64-debian-clang, r-devel-linux-x86_64-debian-gcc, r-devel-linux-x86_64-fedora-clang, r-devel-linux-x86_64-fedora-gcc, r-devel-windows-x86_64, r-patched-linux-x86_64, r-release-macos-arm64, r-release-macos-x86_64, r-release-windows-x86_64, r-oldrel-macos-arm64, r-oldrel-macos-x86_64, r-oldrel-windows-x86_64
Version: 2.0.0
Check: installed package size
Result: NOTE
installed size is 13.0Mb
sub-directories of 1Mb or more:
libs 12.2Mb
Flavors: r-devel-linux-x86_64-fedora-clang, r-devel-windows-x86_64, r-release-macos-arm64, r-release-macos-x86_64, r-release-windows-x86_64, r-oldrel-macos-arm64, r-oldrel-macos-x86_64, r-oldrel-windows-x86_64
Version: 2.0.0
Check: whether package can be installed
Result: ERROR
Installation failed.
Flavor: r-release-linux-x86_64