Last updated on 2024-06-17 06:50:12 CEST.
Flavor | Version | Tinstall | Tcheck | Ttotal | Status | Flags |
---|---|---|---|---|---|---|
r-devel-linux-x86_64-debian-clang | 0.1.0 | 10.15 | 79.62 | 89.77 | OK | |
r-devel-linux-x86_64-debian-gcc | 0.1.0 | 8.56 | 59.51 | 68.07 | OK | |
r-devel-linux-x86_64-fedora-clang | 0.1.0 | 110.79 | NOTE | |||
r-devel-linux-x86_64-fedora-gcc | 0.1.0 | 118.83 | NOTE | |||
r-devel-windows-x86_64 | 0.1.0 | 10.00 | 87.00 | 97.00 | OK | |
r-patched-linux-x86_64 | 0.1.0 | 10.08 | 74.40 | 84.48 | OK | |
r-release-linux-x86_64 | 0.1.0 | 9.81 | 75.19 | 85.00 | OK | |
r-release-macos-arm64 | 0.1.0 | 56.00 | OK | |||
r-release-macos-x86_64 | 0.1.0 | 80.00 | OK | |||
r-release-windows-x86_64 | 0.1.0 | 11.00 | 87.00 | 98.00 | OK | |
r-oldrel-macos-arm64 | 0.1.0 | 56.00 | OK | |||
r-oldrel-macos-x86_64 | 0.1.0 | 78.00 | OK | |||
r-oldrel-windows-x86_64 | 0.1.0 | 13.00 | 96.00 | 109.00 | OK |
Version: 0.1.0
Check: dependencies in R code
Result: NOTE
Namespaces in Imports field not imported from:
‘CCA’ ‘brainR’ ‘elasticnet’
All declared Imports should be used.
Flavors: r-devel-linux-x86_64-fedora-clang, r-devel-linux-x86_64-fedora-gcc