Last updated on 2025-05-03 21:51:11 CEST.
Flavor | Version | Tinstall | Tcheck | Ttotal | Status | Flags |
---|---|---|---|---|---|---|
r-devel-linux-x86_64-debian-clang | 1.1.1 | 2.70 | 23.37 | 26.07 | NOTE | |
r-devel-linux-x86_64-debian-gcc | 1.1.1 | 2.36 | 17.95 | 20.31 | NOTE | |
r-devel-linux-x86_64-fedora-clang | 1.1.1 | 43.38 | OK | |||
r-devel-linux-x86_64-fedora-gcc | 1.1.1 | 40.16 | OK | |||
r-devel-windows-x86_64 | 1.1.1 | 4.00 | 45.00 | 49.00 | OK | |
r-patched-linux-x86_64 | 1.1.1 | 2.72 | 23.02 | 25.74 | OK | |
r-release-linux-x86_64 | OK | |||||
r-release-macos-arm64 | 1.1.1 | 18.00 | OK | |||
r-release-macos-x86_64 | 1.1.1 | 28.00 | OK | |||
r-release-windows-x86_64 | 1.1.1 | 5.00 | 45.00 | 50.00 | OK | |
r-oldrel-macos-arm64 | 1.1.1 | 21.00 | OK | |||
r-oldrel-macos-x86_64 | 1.1.1 | 22.00 | OK | |||
r-oldrel-windows-x86_64 | 1.1.1 | 3.00 | 48.00 | 51.00 | OK |
Version: 1.1.1
Check: CRAN incoming feasibility
Result: NOTE
Maintainer: ‘Mark Clements <mark.clements@ki.se>’
No Authors@R field in DESCRIPTION.
Please add one, modifying
Authors@R: c(person(given = "Linbo",
family = "Wang",
role = "aut"),
person(given = "Mark",
family = "Clements",
role = c("aut", "cre"),
email = "mark.clements@ki.se"),
person(given = "Thomas",
family = "Richardson",
role = "aut"))
as necessary.
Package CITATION file contains call(s) to old-style personList() or
as.personList(). Please use c() on person objects instead.
Flavors: r-devel-linux-x86_64-debian-clang, r-devel-linux-x86_64-debian-gcc