Last updated on 2024-06-17 06:50:12 CEST.
Flavor | Version | Tinstall | Tcheck | Ttotal | Status | Flags |
---|---|---|---|---|---|---|
r-devel-linux-x86_64-debian-clang | 0.2.0 | 105.23 | 255.72 | 360.95 | NOTE | |
r-devel-linux-x86_64-debian-gcc | 0.2.0 | 87.52 | 192.64 | 280.16 | NOTE | |
r-devel-linux-x86_64-fedora-clang | 0.2.0 | 534.13 | NOTE | |||
r-devel-linux-x86_64-fedora-gcc | 0.2.0 | 502.86 | NOTE | |||
r-devel-windows-x86_64 | 0.2.0 | 82.00 | 187.00 | 269.00 | NOTE | |
r-patched-linux-x86_64 | 0.2.0 | 78.13 | 250.41 | 328.54 | NOTE | |
r-release-linux-x86_64 | 0.2.0 | 79.90 | 252.41 | 332.31 | NOTE | |
r-release-macos-arm64 | 0.2.0 | 113.00 | NOTE | |||
r-release-macos-x86_64 | 0.2.0 | 229.00 | NOTE | |||
r-release-windows-x86_64 | 0.2.0 | 84.00 | 193.00 | 277.00 | NOTE | |
r-oldrel-macos-arm64 | 0.2.0 | 118.00 | NOTE | |||
r-oldrel-macos-x86_64 | 0.2.0 | 193.00 | NOTE | |||
r-oldrel-windows-x86_64 | 0.2.0 | 105.00 | 244.00 | 349.00 | NOTE |
Version: 0.2.0
Check: C++ specification
Result: NOTE
Specified C++11: please drop specification unless essential
Flavors: r-devel-linux-x86_64-debian-clang, r-devel-linux-x86_64-debian-gcc, r-devel-linux-x86_64-fedora-clang, r-devel-linux-x86_64-fedora-gcc, r-devel-windows-x86_64, r-patched-linux-x86_64, r-release-linux-x86_64, r-release-macos-arm64, r-release-macos-x86_64, r-release-windows-x86_64, r-oldrel-macos-arm64, r-oldrel-macos-x86_64, r-oldrel-windows-x86_64
Version: 0.2.0
Check: Rd files
Result: NOTE
checkRd: (-1) assertall.Rd:45: Lost braces in \itemize; meant \describe ?
checkRd: (-1) assertall.Rd:46: Lost braces in \itemize; meant \describe ?
checkRd: (-1) assertall.Rd:47: Lost braces in \itemize; meant \describe ?
checkRd: (-1) assertall.Rd:48: Lost braces in \itemize; meant \describe ?
checkRd: (-1) brmsmargins.Rd:129: Lost braces in \itemize; \value handles \item{}{} directly
checkRd: (-1) brmsmargins.Rd:130: Lost braces in \itemize; \value handles \item{}{} directly
checkRd: (-1) brmsmargins.Rd:131: Lost braces in \itemize; \value handles \item{}{} directly
checkRd: (-1) brmsmargins.Rd:132: Lost braces in \itemize; \value handles \item{}{} directly
checkRd: (-1) builders.Rd:50: Lost braces in \itemize; meant \describe ?
checkRd: (-1) builders.Rd:51: Lost braces in \itemize; meant \describe ?
checkRd: (-1) builders.Rd:52: Lost braces in \itemize; meant \describe ?
checkRd: (-1) builders.Rd:53: Lost braces in \itemize; meant \describe ?
checkRd: (-1) builders.Rd:54: Lost braces in \itemize; meant \describe ?
checkRd: (-1) builders.Rd:55: Lost braces in \itemize; meant \describe ?
Flavors: r-devel-linux-x86_64-debian-clang, r-devel-linux-x86_64-debian-gcc, r-devel-linux-x86_64-fedora-clang, r-devel-linux-x86_64-fedora-gcc, r-devel-windows-x86_64, r-patched-linux-x86_64, r-release-linux-x86_64, r-release-macos-arm64, r-release-macos-x86_64, r-release-windows-x86_64
Version: 0.2.0
Check: package dependencies
Result: NOTE
Package suggested but not available for checking: ‘margins’
Flavor: r-patched-linux-x86_64
Version: 0.2.0
Check: installed package size
Result: NOTE
installed size is 5.2Mb
sub-directories of 1Mb or more:
doc 2.7Mb
libs 2.4Mb
Flavors: r-release-macos-arm64, r-release-macos-x86_64, r-oldrel-macos-arm64, r-oldrel-macos-x86_64