Last updated on 2025-05-03 12:54:36 CEST.
Flavor | Version | Tinstall | Tcheck | Ttotal | Status | Flags |
---|---|---|---|---|---|---|
r-devel-linux-x86_64-debian-clang | 1.1.3 | 10.70 | 92.30 | 103.00 | NOTE | |
r-devel-linux-x86_64-debian-gcc | 1.1.3 | 8.36 | 63.99 | 72.35 | NOTE | |
r-devel-linux-x86_64-fedora-clang | 1.1.3 | 148.02 | NOTE | |||
r-devel-linux-x86_64-fedora-gcc | 1.1.3 | 144.83 | NOTE | |||
r-devel-windows-x86_64 | 1.1.3 | 12.00 | 93.00 | 105.00 | OK | |
r-patched-linux-x86_64 | 1.1.3 | 10.77 | 82.82 | 93.59 | OK | |
r-release-linux-x86_64 | OK | |||||
r-release-macos-arm64 | 1.1.3 | 48.00 | OK | |||
r-release-macos-x86_64 | 1.1.3 | 75.00 | OK | |||
r-release-windows-x86_64 | 1.1.3 | 13.00 | 92.00 | 105.00 | OK | |
r-oldrel-macos-arm64 | 1.1.3 | 50.00 | OK | |||
r-oldrel-macos-x86_64 | 1.1.3 | 72.00 | OK | |||
r-oldrel-windows-x86_64 | 1.1.3 | 16.00 | 112.00 | 128.00 | OK |
Version: 1.1.3
Check: CRAN incoming feasibility
Result: NOTE
Maintainer: ‘Ian Jonsen <ian.jonsen@mq.edu.au>’
Package CITATION file contains call(s) to old-style personList() or
as.personList(). Please use c() on person objects instead.
Package CITATION file contains call(s) to old-style citEntry(). Please
use bibentry() instead.
Flavors: r-devel-linux-x86_64-debian-clang, r-devel-linux-x86_64-debian-gcc
Version: 1.1.3
Check: dependencies in R code
Result: NOTE
Namespaces in Imports field not imported from:
‘rworldxtra’ ‘sp’
All declared Imports should be used.
Flavors: r-devel-linux-x86_64-fedora-clang, r-devel-linux-x86_64-fedora-gcc