CRAN Package Check Results for Package bsgof

Last updated on 2025-05-07 06:49:44 CEST.

Flavor Version Tinstall Tcheck Ttotal Status Flags
r-devel-linux-x86_64-debian-clang 0.23.8 2.10 19.67 21.77 NOTE
r-devel-linux-x86_64-debian-gcc 0.23.8 1.60 15.99 17.59 NOTE
r-devel-linux-x86_64-fedora-clang 0.23.8 34.47 OK
r-devel-linux-x86_64-fedora-gcc 0.23.8 32.53 OK
r-devel-windows-x86_64 0.23.8 3.00 39.00 42.00 OK
r-patched-linux-x86_64 0.23.8 2.29 19.13 21.42 OK
r-release-linux-x86_64 0.23.8 1.70 19.12 20.82 OK
r-release-macos-arm64 0.23.8 17.00 OK
r-release-macos-x86_64 0.23.8 23.00 OK
r-release-windows-x86_64 0.23.8 5.00 41.00 46.00 OK
r-oldrel-macos-arm64 0.23.8 13.00 OK
r-oldrel-macos-x86_64 0.23.8 21.00 OK
r-oldrel-windows-x86_64 0.23.8 4.00 39.00 43.00 OK

Check Details

Version: 0.23.8
Check: CRAN incoming feasibility
Result: NOTE Maintainer: ‘Chanseok Park <statpnu@gmail.com>’ The Description field contains <arXiv:2308.10150>. This work was supported by the National Research Please refer to arXiv e-prints via their arXiv DOI <doi:10.48550/arXiv.YYMM.NNNNN>. Flavors: r-devel-linux-x86_64-debian-clang, r-devel-linux-x86_64-debian-gcc