Last updated on 2024-06-17 06:50:12 CEST.
Flavor | Version | Tinstall | Tcheck | Ttotal | Status | Flags |
---|---|---|---|---|---|---|
r-devel-linux-x86_64-debian-clang | 2.1.0 | 269.66 | 102.86 | 372.52 | OK | |
r-devel-linux-x86_64-debian-gcc | 2.1.0 | 183.03 | 83.82 | 266.85 | OK | |
r-devel-linux-x86_64-fedora-clang | 2.1.0 | 518.44 | OK | |||
r-devel-linux-x86_64-fedora-gcc | 2.1.0 | 556.12 | OK | |||
r-devel-windows-x86_64 | 2.1.0 | 198.00 | 168.00 | 366.00 | OK | |
r-patched-linux-x86_64 | 2.1.0 | 214.60 | 106.92 | 321.52 | OK | |
r-release-linux-x86_64 | 2.1.0 | 215.92 | 105.60 | 321.52 | OK | |
r-release-macos-arm64 | 2.1.0 | 131.00 | NOTE | |||
r-release-macos-x86_64 | 2.1.0 | 172.00 | NOTE | |||
r-release-windows-x86_64 | 2.1.0 | 189.00 | 161.00 | 350.00 | OK | |
r-oldrel-macos-arm64 | 2.1.0 | 141.00 | NOTE | |||
r-oldrel-macos-x86_64 | 2.1.0 | 216.00 | NOTE | |||
r-oldrel-windows-x86_64 | 2.1.0 | 239.00 | 171.00 | 410.00 | OK |
Version: 2.1.0
Check: installed package size
Result: NOTE
installed size is 12.1Mb
sub-directories of 1Mb or more:
libs 11.0Mb
Flavors: r-release-macos-arm64, r-release-macos-x86_64, r-oldrel-macos-arm64, r-oldrel-macos-x86_64