Last updated on 2025-05-06 03:50:58 CEST.
Flavor | Version | Tinstall | Tcheck | Ttotal | Status | Flags |
---|---|---|---|---|---|---|
r-devel-linux-x86_64-debian-clang | 1.0.8 | 27.17 | 33.93 | 61.10 | NOTE | |
r-devel-linux-x86_64-debian-gcc | 1.0.8 | 19.04 | 24.99 | 44.03 | NOTE | |
r-devel-linux-x86_64-fedora-clang | 1.0.8 | 108.11 | OK | |||
r-devel-linux-x86_64-fedora-gcc | 1.0.8 | 109.61 | OK | |||
r-devel-windows-x86_64 | 1.0.8 | 29.00 | 72.00 | 101.00 | OK | |
r-patched-linux-x86_64 | 1.0.8 | 26.80 | 32.44 | 59.24 | OK | |
r-release-linux-x86_64 | 1.0.8 | 26.46 | 32.22 | 58.68 | OK | |
r-release-macos-arm64 | 1.0.8 | 30.00 | OK | |||
r-release-macos-x86_64 | 1.0.8 | 51.00 | OK | |||
r-release-windows-x86_64 | 1.0.8 | 29.00 | 75.00 | 104.00 | OK | |
r-oldrel-macos-arm64 | 1.0.8 | 33.00 | OK | |||
r-oldrel-macos-x86_64 | 1.0.8 | 38.00 | OK | |||
r-oldrel-windows-x86_64 | 1.0.8 | 28.00 | 82.00 | 110.00 | OK |
Version: 1.0.8
Check: CRAN incoming feasibility
Result: NOTE
Maintainer: ‘Hunyong Cho <hunyong.cho@gmail.com>’
No Authors@R field in DESCRIPTION.
Please add one, modifying
Authors@R: c(person(given = "Hunyong",
family = "Cho",
role = c("aut", "cre"),
email = "hunyong.cho@gmail.com"),
person(given = "Chuwen",
family = "Liu",
role = "aut"),
person(given = "Jinyoung",
family = "Park",
role = "aut"),
person(given = "Di",
family = "Wu",
role = "aut"))
as necessary.
Flavors: r-devel-linux-x86_64-debian-clang, r-devel-linux-x86_64-debian-gcc