CRAN Package Check Results for Package calibrationband

Last updated on 2025-07-22 12:49:28 CEST.

Flavor Version Tinstall Tcheck Ttotal Status Flags
r-devel-linux-x86_64-debian-clang 0.2.1 21.67 58.26 79.93 NOTE
r-devel-linux-x86_64-debian-gcc 0.2.1 14.28 43.91 58.19 NOTE
r-devel-linux-x86_64-fedora-clang 0.2.1 137.01 NOTE
r-devel-linux-x86_64-fedora-gcc 0.2.1 124.65 NOTE
r-devel-windows-x86_64 0.2.1 26.00 83.00 109.00 NOTE
r-patched-linux-x86_64 0.2.1 18.90 53.25 72.15 NOTE
r-release-linux-x86_64 0.2.1 21.77 52.78 74.55 NOTE
r-release-macos-arm64 0.2.1 41.00 NOTE
r-release-macos-x86_64 0.2.1 133.00 NOTE
r-release-windows-x86_64 0.2.1 25.00 82.00 107.00 NOTE
r-oldrel-macos-arm64 0.2.1 38.00 NOTE
r-oldrel-macos-x86_64 0.2.1 49.00 NOTE
r-oldrel-windows-x86_64 0.2.1 32.00 114.00 146.00 NOTE

Check Details

Version: 0.2.1
Check: CRAN incoming feasibility
Result: NOTE Maintainer: ‘Marius Puke <marius.puke@uni-hohenheim.de>’ Package CITATION file contains call(s) to old-style citEntry(). Please use bibentry() instead. The Description field contains <arXiv:2203.04065>. Please refer to arXiv e-prints via their arXiv DOI <doi:10.48550/arXiv.YYMM.NNNNN>. Flavors: r-devel-linux-x86_64-debian-clang, r-devel-linux-x86_64-debian-gcc

Version: 0.2.1
Check: Rd files
Result: NOTE checkRd: (-1) calibration_bands.Rd:19: Lost braces; missing escapes or markup? 19 | \item{y}{response variable (in {0,1}).} | ^ Flavors: r-devel-linux-x86_64-debian-clang, r-devel-linux-x86_64-debian-gcc, r-devel-linux-x86_64-fedora-clang, r-devel-linux-x86_64-fedora-gcc, r-devel-windows-x86_64, r-patched-linux-x86_64, r-release-linux-x86_64, r-release-macos-arm64, r-release-macos-x86_64, r-release-windows-x86_64, r-oldrel-macos-arm64, r-oldrel-macos-x86_64, r-oldrel-windows-x86_64