CRAN Package Check Results for Package capitalR

Last updated on 2025-05-03 21:51:12 CEST.

Flavor Version Tinstall Tcheck Ttotal Status Flags
r-devel-linux-x86_64-debian-clang 1.3.0 1.88 20.55 22.43 NOTE
r-devel-linux-x86_64-debian-gcc 1.3.0 1.45 16.84 18.29 NOTE
r-devel-linux-x86_64-fedora-clang 1.3.0 38.53 OK
r-devel-linux-x86_64-fedora-gcc 1.3.0 47.92 OK
r-devel-windows-x86_64 1.3.0 3.00 43.00 46.00 OK
r-patched-linux-x86_64 1.3.0 1.76 20.19 21.95 OK
r-release-linux-x86_64 OK
r-release-macos-arm64 1.3.0 26.00 OK
r-release-macos-x86_64 1.3.0 40.00 OK
r-release-windows-x86_64 1.3.0 4.00 44.00 48.00 OK
r-oldrel-macos-arm64 1.3.0 29.00 NOTE
r-oldrel-macos-x86_64 1.3.0 43.00 NOTE
r-oldrel-windows-x86_64 1.3.0 3.00 48.00 51.00 NOTE

Check Details

Version: 1.3.0
Check: CRAN incoming feasibility
Result: NOTE Maintainer: ‘John T. Buynak <jbuynak94@gmail.com>’ No Authors@R field in DESCRIPTION. Please add one, modifying Authors@R: person(given = c("John", "T."), family = "Buynak", role = c("aut", "cre"), email = "jbuynak94@gmail.com") as necessary. Flavors: r-devel-linux-x86_64-debian-clang, r-devel-linux-x86_64-debian-gcc

Version: 1.3.0
Check: LazyData
Result: NOTE 'LazyData' is specified without a 'data' directory Flavors: r-oldrel-macos-arm64, r-oldrel-macos-x86_64, r-oldrel-windows-x86_64