Last updated on 2024-06-17 06:50:12 CEST.
Flavor | Version | Tinstall | Tcheck | Ttotal | Status | Flags |
---|---|---|---|---|---|---|
r-devel-linux-x86_64-debian-clang | 0.3.9 | 134.95 | 22.67 | 157.62 | OK | |
r-devel-linux-x86_64-debian-gcc | 0.3.9 | 104.21 | 17.44 | 121.65 | OK | |
r-devel-linux-x86_64-fedora-clang | 0.3.9 | 221.89 | OK | |||
r-devel-linux-x86_64-fedora-gcc | 0.3.9 | 218.95 | OK | |||
r-devel-windows-x86_64 | 0.3.9 | 77.00 | 54.00 | 131.00 | OK | |
r-patched-linux-x86_64 | 0.3.9 | 133.70 | 21.51 | 155.21 | OK | |
r-release-linux-x86_64 | 0.3.9 | 137.80 | 22.11 | 159.91 | OK | |
r-release-macos-arm64 | 0.3.9 | 44.00 | NOTE | |||
r-release-macos-x86_64 | 0.3.9 | 78.00 | NOTE | |||
r-release-windows-x86_64 | 0.3.9 | 86.00 | 62.00 | 148.00 | OK | |
r-oldrel-macos-arm64 | 0.3.9 | 53.00 | NOTE | |||
r-oldrel-macos-x86_64 | 0.3.9 | 106.00 | NOTE | |||
r-oldrel-windows-x86_64 | 0.3.9 | 83.00 | 74.00 | 157.00 | OK |
Version: 0.3.9
Check: installed package size
Result: NOTE
installed size is 7.4Mb
sub-directories of 1Mb or more:
libs 7.3Mb
Flavors: r-release-macos-arm64, r-release-macos-x86_64, r-oldrel-macos-arm64, r-oldrel-macos-x86_64