CRAN Package Check Results for Package ccTensor

Last updated on 2025-05-03 12:54:36 CEST.

Flavor Version Tinstall Tcheck Ttotal Status Flags
r-devel-linux-x86_64-debian-clang 1.0.2 2.72 35.73 38.45 NOTE
r-devel-linux-x86_64-debian-gcc 1.0.2 2.33 27.87 30.20 NOTE
r-devel-linux-x86_64-fedora-clang 1.0.2 59.43 NOTE
r-devel-linux-x86_64-fedora-gcc 1.0.2 56.99 NOTE
r-devel-windows-x86_64 1.0.2 5.00 55.00 60.00 NOTE
r-patched-linux-x86_64 1.0.2 3.31 33.25 36.56 NOTE
r-release-linux-x86_64 NOTE
r-release-macos-arm64 1.0.2 27.00 NOTE
r-release-macos-x86_64 1.0.2 55.00 NOTE
r-release-windows-x86_64 1.0.2 5.00 52.00 57.00 NOTE
r-oldrel-macos-arm64 1.0.2 24.00 NOTE
r-oldrel-macos-x86_64 1.0.2 56.00 NOTE
r-oldrel-windows-x86_64 1.0.2 6.00 60.00 66.00 NOTE

Check Details

Version: 1.0.2
Check: Rd files
Result: NOTE checkRd: (-1) CUR.Rd:25: Lost braces; missing escapes or markup? 25 | The number of low-dimension of C (J1 < {N,M}). | ^ checkRd: (-1) CUR.Rd:29: Lost braces; missing escapes or markup? 29 | The number of low-dimension of R (J2 < {N,M}). | ^ checkRd: (-1) CX.Rd:23: Lost braces; missing escapes or markup? 23 | The number of low-dimension (J < {N,M}). | ^ Flavors: r-devel-linux-x86_64-debian-clang, r-devel-linux-x86_64-debian-gcc, r-devel-linux-x86_64-fedora-clang, r-devel-linux-x86_64-fedora-gcc, r-devel-windows-x86_64, r-patched-linux-x86_64, r-release-linux-x86_64, r-release-macos-arm64, r-release-macos-x86_64, r-release-windows-x86_64, r-oldrel-macos-arm64, r-oldrel-macos-x86_64, r-oldrel-windows-x86_64

Version: 1.0.2
Check: dependencies in R code
Result: NOTE Namespace in Imports field not imported from: ‘fields’ All declared Imports should be used. Flavors: r-devel-linux-x86_64-fedora-clang, r-devel-linux-x86_64-fedora-gcc