Last updated on 2025-07-22 12:49:28 CEST.
Flavor | Version | Tinstall | Tcheck | Ttotal | Status | Flags |
---|---|---|---|---|---|---|
r-devel-linux-x86_64-debian-clang | 0.3.4 | 56.22 | 59.33 | 115.55 | OK | |
r-devel-linux-x86_64-debian-gcc | 0.3.4 | 37.73 | 46.69 | 84.42 | OK | |
r-devel-linux-x86_64-fedora-clang | 0.3.4 | 196.86 | OK | |||
r-devel-linux-x86_64-fedora-gcc | 0.3.4 | 200.34 | OK | |||
r-devel-windows-x86_64 | 0.3.4 | 60.00 | 113.00 | 173.00 | OK | |
r-patched-linux-x86_64 | 0.3.4 | 50.15 | 58.05 | 108.20 | OK | |
r-release-linux-x86_64 | 0.3.4 | 48.65 | 58.07 | 106.72 | OK | |
r-release-macos-arm64 | 0.3.4 | 73.00 | OK | |||
r-release-macos-x86_64 | 0.3.4 | 196.00 | OK | |||
r-release-windows-x86_64 | 0.3.4 | 59.00 | 115.00 | 174.00 | OK | |
r-oldrel-macos-arm64 | 0.3.4 | 62.00 | NOTE | |||
r-oldrel-macos-x86_64 | 0.3.4 | 139.00 | NOTE | |||
r-oldrel-windows-x86_64 | 0.3.4 | 73.00 | 138.00 | 211.00 | OK |
Version: 0.3.4
Check: installed package size
Result: NOTE
installed size is 5.2Mb
sub-directories of 1Mb or more:
libs 4.9Mb
Flavors: r-oldrel-macos-arm64, r-oldrel-macos-x86_64