Last updated on 2025-05-03 21:51:12 CEST.
Flavor | Version | Tinstall | Tcheck | Ttotal | Status | Flags |
---|---|---|---|---|---|---|
r-devel-linux-x86_64-debian-clang | 1.2.0 | 2.66 | 112.94 | 115.60 | NOTE | |
r-devel-linux-x86_64-debian-gcc | 1.2.0 | 2.14 | 70.98 | 73.12 | NOTE | |
r-devel-linux-x86_64-fedora-clang | 1.2.0 | 202.15 | NOTE | |||
r-devel-linux-x86_64-fedora-gcc | 1.2.0 | 202.55 | NOTE | |||
r-devel-windows-x86_64 | 1.2.0 | 4.00 | 150.00 | 154.00 | OK | |
r-patched-linux-x86_64 | 1.2.0 | 3.17 | 106.60 | 109.77 | OK | |
r-release-linux-x86_64 | OK | |||||
r-release-macos-arm64 | 1.2.0 | 54.00 | OK | |||
r-release-macos-x86_64 | 1.2.0 | 136.00 | OK | |||
r-release-windows-x86_64 | 1.2.0 | 5.00 | 142.00 | 147.00 | OK | |
r-oldrel-macos-arm64 | 1.2.0 | 51.00 | OK | |||
r-oldrel-macos-x86_64 | 1.2.0 | 121.00 | OK | |||
r-oldrel-windows-x86_64 | 1.2.0 | 6.00 | 188.00 | 194.00 | OK |
Version: 1.2.0
Check: CRAN incoming feasibility
Result: NOTE
Maintainer: ‘Andreas Anastasiou <anastasiou.andreas@ucy.ac.cy>’
Package CITATION file contains call(s) to old-style personList() or
as.personList(). Please use c() on person objects instead.
Package CITATION file contains call(s) to old-style citEntry(). Please
use bibentry() instead.
Flavors: r-devel-linux-x86_64-debian-clang, r-devel-linux-x86_64-debian-gcc
Version: 1.2.0
Check: dependencies in R code
Result: NOTE
Namespace in Imports field not imported from: ‘GeneNet’
All declared Imports should be used.
Flavors: r-devel-linux-x86_64-fedora-clang, r-devel-linux-x86_64-fedora-gcc