Last updated on 2025-05-03 12:54:36 CEST.
Flavor | Version | Tinstall | Tcheck | Ttotal | Status | Flags |
---|---|---|---|---|---|---|
r-devel-linux-x86_64-debian-clang | 0.1.0 | 2.67 | 25.21 | 27.88 | OK | |
r-devel-linux-x86_64-debian-gcc | 0.1.0 | 2.08 | 20.79 | 22.87 | OK | |
r-devel-linux-x86_64-fedora-clang | 0.1.0 | 41.77 | OK | |||
r-devel-linux-x86_64-fedora-gcc | 0.1.0 | 41.18 | OK | |||
r-devel-windows-x86_64 | 0.1.0 | 5.00 | 48.00 | 53.00 | OK | |
r-patched-linux-x86_64 | 0.1.0 | 2.92 | 23.30 | 26.22 | OK | |
r-release-linux-x86_64 | OK | |||||
r-release-macos-arm64 | 0.1.0 | 20.00 | OK | |||
r-release-macos-x86_64 | 0.1.0 | 27.00 | OK | |||
r-release-windows-x86_64 | 0.1.0 | 6.00 | 44.00 | 50.00 | OK | |
r-oldrel-macos-arm64 | 0.1.0 | 19.00 | NOTE | |||
r-oldrel-macos-x86_64 | 0.1.0 | 25.00 | NOTE | |||
r-oldrel-windows-x86_64 | 0.1.0 | 5.00 | 53.00 | 58.00 | NOTE |
Version: 0.1.0
Check: LazyData
Result: NOTE
'LazyData' is specified without a 'data' directory
Flavors: r-oldrel-macos-arm64, r-oldrel-macos-x86_64, r-oldrel-windows-x86_64