Last updated on 2025-05-03 21:51:12 CEST.
Flavor | Version | Tinstall | Tcheck | Ttotal | Status | Flags |
---|---|---|---|---|---|---|
r-devel-linux-x86_64-debian-clang | 1.5 | 3.59 | 29.02 | 32.61 | NOTE | |
r-devel-linux-x86_64-debian-gcc | 1.5 | 2.55 | 23.40 | 25.95 | NOTE | |
r-devel-linux-x86_64-fedora-clang | 1.5 | 49.17 | NOTE | |||
r-devel-linux-x86_64-fedora-gcc | 1.5 | 62.04 | NOTE | |||
r-devel-windows-x86_64 | 1.5 | 7.00 | 48.00 | 55.00 | NOTE | |
r-patched-linux-x86_64 | 1.5 | 3.26 | 28.19 | 31.45 | NOTE | |
r-release-linux-x86_64 | NOTE | |||||
r-release-macos-arm64 | 1.5 | 29.00 | NOTE | |||
r-release-macos-x86_64 | 1.5 | 61.00 | NOTE | |||
r-release-windows-x86_64 | 1.5 | 8.00 | 47.00 | 55.00 | NOTE | |
r-oldrel-macos-arm64 | 1.5 | 31.00 | NOTE | |||
r-oldrel-macos-x86_64 | 1.5 | 43.00 | NOTE | |||
r-oldrel-windows-x86_64 | 1.5 | 6.00 | 52.00 | 58.00 | NOTE |
Version: 1.5
Check: CRAN incoming feasibility
Result: NOTE
Maintainer: ‘Yijian Huang <yhuang5@emory.edu>’
No Authors@R field in DESCRIPTION.
Please add one, modifying
Authors@R: person(given = "Yijian",
family = "Huang",
role = c("aut", "cre"),
email = "yhuang5@emory.edu")
as necessary.
Flavors: r-devel-linux-x86_64-debian-clang, r-devel-linux-x86_64-debian-gcc
Version: 1.5
Check: Rd files
Result: NOTE
checkRd: (-1) cequre.Rd:31: Lost braces; missing escapes or markup?
31 | {epsi}^{# regression coefficients} times the initial value,
| ^
checkRd: (-1) cequre.Rd:31: Lost braces; missing escapes or markup?
31 | {epsi}^{# regression coefficients} times the initial value,
| ^
Flavors: r-devel-linux-x86_64-debian-clang, r-devel-linux-x86_64-debian-gcc, r-devel-linux-x86_64-fedora-clang, r-devel-linux-x86_64-fedora-gcc, r-devel-windows-x86_64, r-patched-linux-x86_64, r-release-linux-x86_64, r-release-macos-arm64, r-release-macos-x86_64, r-release-windows-x86_64, r-oldrel-macos-arm64, r-oldrel-macos-x86_64, r-oldrel-windows-x86_64