CRAN Package Check Results for Package checkmate

Last updated on 2025-05-03 12:54:37 CEST.

Flavor Version Tinstall Tcheck Ttotal Status Flags
r-devel-linux-x86_64-debian-clang 2.3.2 9.37 89.52 98.89 NOTE
r-devel-linux-x86_64-debian-gcc 2.3.2 7.85 61.65 69.50 NOTE
r-devel-linux-x86_64-fedora-clang 2.3.2 149.69 NOTE
r-devel-linux-x86_64-fedora-gcc 2.3.2 170.94 NOTE
r-devel-windows-x86_64 2.3.2 17.00 121.00 138.00 NOTE
r-patched-linux-x86_64 2.3.2 13.45 83.81 97.26 NOTE
r-release-linux-x86_64 NOTE
r-release-macos-arm64 2.3.2 63.00 NOTE
r-release-macos-x86_64 2.3.2 110.00 NOTE
r-release-windows-x86_64 2.3.2 19.00 119.00 138.00 NOTE
r-oldrel-macos-arm64 2.3.2 48.00 ERROR
r-oldrel-macos-x86_64 2.3.2 157.00 OK
r-oldrel-windows-x86_64 2.3.2 20.00 156.00 176.00 OK

Check Details

Version: 2.3.2
Check: compiled code
Result: NOTE File ‘checkmate/libs/checkmate.so’: Found non-API call to R: ‘Rf_isFrame’ Compiled code should not call non-API entry points in R. See ‘Writing portable packages’ in the ‘Writing R Extensions’ manual, and section ‘Moving into C API compliance’ for issues with the use of non-API entry points. Flavors: r-devel-linux-x86_64-debian-clang, r-devel-linux-x86_64-debian-gcc, r-devel-linux-x86_64-fedora-clang, r-devel-linux-x86_64-fedora-gcc, r-patched-linux-x86_64, r-release-linux-x86_64, r-release-macos-arm64, r-release-macos-x86_64

Version: 2.3.2
Check: compiled code
Result: NOTE File 'checkmate/libs/x64/checkmate.dll': Found non-API call to R: 'Rf_isFrame' Compiled code should not call non-API entry points in R. See 'Writing portable packages' in the 'Writing R Extensions' manual, and section 'Moving into C API compliance' for issues with the use of non-API entry points. Flavors: r-devel-windows-x86_64, r-release-windows-x86_64

Version: 2.3.2
Check: examples
Result: ERROR Running examples in ‘checkmate-Ex.R’ failed The error most likely occurred in: > ### Name: checkDataTable > ### Title: Check if an argument is a data table > ### Aliases: checkDataTable check_data_table assertDataTable > ### assert_data_table testDataTable test_data_table expect_data_table > > ### ** Examples > > library(data.table) Error in library(data.table) : there is no package called ‘data.table’ Execution halted Flavor: r-oldrel-macos-arm64