Last updated on 2025-05-03 21:51:12 CEST.
Flavor | Version | Tinstall | Tcheck | Ttotal | Status | Flags |
---|---|---|---|---|---|---|
r-devel-linux-x86_64-debian-clang | 0.1.1 | 25.92 | 179.35 | 205.27 | NOTE | |
r-devel-linux-x86_64-debian-gcc | 0.1.1 | 20.94 | 131.11 | 152.05 | NOTE | |
r-devel-linux-x86_64-fedora-clang | 0.1.1 | 307.11 | NOTE | |||
r-devel-linux-x86_64-fedora-gcc | 0.1.1 | 323.40 | NOTE | |||
r-devel-windows-x86_64 | 0.1.1 | 22.00 | 163.00 | 185.00 | NOTE | |
r-patched-linux-x86_64 | 0.1.1 | 27.75 | 167.83 | 195.58 | NOTE | |
r-release-linux-x86_64 | NOTE | |||||
r-release-macos-arm64 | 0.1.1 | 78.00 | OK | |||
r-release-macos-x86_64 | 0.1.1 | 182.00 | OK | |||
r-release-windows-x86_64 | 0.1.1 | 22.00 | 160.00 | 182.00 | NOTE | |
r-oldrel-macos-arm64 | 0.1.1 | 93.00 | NOTE | |||
r-oldrel-macos-x86_64 | 0.1.1 | 124.00 | NOTE | |||
r-oldrel-windows-x86_64 | 0.1.1 | 30.00 | 206.00 | 236.00 | NOTE |
Version: 0.1.1
Check: Rd cross-references
Result: NOTE
Found the following Rd file(s) with Rd \link{} targets missing package
anchors:
chkpt_brms.Rd: brms
make_brmsfit.Rd: brms
Please provide package anchors for all Rd \link{} targets not in the
package itself and the base packages.
Package unavailable to check Rd xrefs: ‘cmdstanr’
Flavors: r-devel-linux-x86_64-debian-clang, r-devel-linux-x86_64-debian-gcc, r-devel-windows-x86_64, r-patched-linux-x86_64, r-release-linux-x86_64, r-release-windows-x86_64
Version: 0.1.1
Check: dependencies in R code
Result: NOTE
Namespace in Imports field not imported from: ‘Rdpack’
All declared Imports should be used.
Flavors: r-devel-linux-x86_64-fedora-clang, r-devel-linux-x86_64-fedora-gcc
Version: 0.1.1
Check: package dependencies
Result: NOTE
Package suggested but not available for checking: ‘cmdstanr’
Flavors: r-oldrel-macos-arm64, r-oldrel-macos-x86_64, r-oldrel-windows-x86_64
Version: 0.1.1
Check: Rd cross-references
Result: NOTE
Package unavailable to check Rd xrefs: ‘cmdstanr’
Flavors: r-oldrel-macos-arm64, r-oldrel-macos-x86_64, r-oldrel-windows-x86_64