Last updated on 2025-05-03 12:54:37 CEST.
Flavor | Version | Tinstall | Tcheck | Ttotal | Status | Flags |
---|---|---|---|---|---|---|
r-devel-linux-x86_64-debian-clang | 1.1.1 | 5.45 | 51.98 | 57.43 | NOTE | |
r-devel-linux-x86_64-debian-gcc | 1.1.1 | 3.71 | 36.87 | 40.58 | NOTE | |
r-devel-linux-x86_64-fedora-clang | 1.1.1 | 74.45 | OK | |||
r-devel-linux-x86_64-fedora-gcc | 1.1.1 | 82.22 | OK | |||
r-devel-windows-x86_64 | 1.1.1 | 7.00 | 69.00 | 76.00 | OK | |
r-patched-linux-x86_64 | 1.1.1 | 5.66 | 49.75 | 55.41 | OK | |
r-release-linux-x86_64 | OK | |||||
r-release-macos-arm64 | 1.1.1 | 32.00 | OK | |||
r-release-macos-x86_64 | 1.1.1 | 46.00 | OK | |||
r-release-windows-x86_64 | 1.1.1 | 8.00 | 68.00 | 76.00 | OK | |
r-oldrel-macos-arm64 | 1.1.1 | 27.00 | NOTE | |||
r-oldrel-macos-x86_64 | 1.1.1 | 40.00 | NOTE | |||
r-oldrel-windows-x86_64 | 1.1.1 | 10.00 | 80.00 | 90.00 | NOTE |
Version: 1.1.1
Check: CRAN incoming feasibility
Result: NOTE
Maintainer: ‘Ari Lamstein <ari@lamsteinconsulting.com>’
No Authors@R field in DESCRIPTION.
Please add one, modifying
Authors@R: person(given = "Ari",
family = "Lamstein",
role = c("aut", "cre"),
email = "ari@lamsteinconsulting.com")
as necessary.
Flavors: r-devel-linux-x86_64-debian-clang, r-devel-linux-x86_64-debian-gcc
Version: 1.1.1
Check: installed package size
Result: NOTE
installed size is 18.0Mb
sub-directories of 1Mb or more:
data 17.9Mb
Flavors: r-oldrel-macos-arm64, r-oldrel-macos-x86_64, r-oldrel-windows-x86_64