Last updated on 2025-07-25 06:49:29 CEST.
Flavor | Version | Tinstall | Tcheck | Ttotal | Status | Flags |
---|---|---|---|---|---|---|
r-devel-linux-x86_64-debian-clang | 4.1.1 | 4.40 | 41.47 | 45.87 | OK | |
r-devel-linux-x86_64-debian-gcc | 4.1.1 | 2.93 | 31.60 | 34.53 | OK | |
r-devel-linux-x86_64-fedora-clang | 4.1.1 | 73.80 | NOTE | |||
r-devel-linux-x86_64-fedora-gcc | 4.1.1 | 84.75 | NOTE | |||
r-devel-windows-x86_64 | 4.1.1 | 6.00 | 70.00 | 76.00 | OK | |
r-patched-linux-x86_64 | 4.1.1 | 2.91 | 38.86 | 41.77 | OK | |
r-release-linux-x86_64 | 4.1.1 | 4.15 | 38.96 | 43.11 | OK | |
r-release-macos-arm64 | 4.1.1 | 71.00 | OK | |||
r-release-macos-x86_64 | 4.1.1 | 58.00 | OK | |||
r-release-windows-x86_64 | 4.1.1 | 6.00 | 61.00 | 67.00 | OK | |
r-oldrel-macos-arm64 | 4.1.1 | 30.00 | OK | |||
r-oldrel-macos-x86_64 | 4.1.1 | 48.00 | OK | |||
r-oldrel-windows-x86_64 | 4.1.1 | 7.00 | 72.00 | 79.00 | OK |
Version: 4.1.1
Check: dependencies in R code
Result: NOTE
Namespace in Imports field not imported from: ‘htmltools’
All declared Imports should be used.
Flavors: r-devel-linux-x86_64-fedora-clang, r-devel-linux-x86_64-fedora-gcc