Last updated on 2025-05-03 12:54:37 CEST.
Flavor | Version | Tinstall | Tcheck | Ttotal | Status | Flags |
---|---|---|---|---|---|---|
r-devel-linux-x86_64-debian-clang | 1.1 | 9.32 | 187.24 | 196.56 | NOTE | |
r-devel-linux-x86_64-debian-gcc | 1.1 | 7.11 | 181.24 | 188.35 | ERROR | |
r-devel-linux-x86_64-fedora-clang | 1.1 | 320.41 | NOTE | |||
r-devel-linux-x86_64-fedora-gcc | 1.1 | 315.51 | NOTE | |||
r-devel-windows-x86_64 | 1.1 | 13.00 | 182.00 | 195.00 | NOTE | |
r-patched-linux-x86_64 | 1.1 | 10.30 | 175.44 | 185.74 | NOTE | |
r-release-linux-x86_64 | NOTE | |||||
r-release-macos-arm64 | 1.1 | 138.00 | NOTE | |||
r-release-macos-x86_64 | 1.1 | 180.00 | NOTE | |||
r-release-windows-x86_64 | 1.1 | 12.00 | 175.00 | 187.00 | NOTE | |
r-oldrel-macos-arm64 | 1.1 | 97.00 | OK | |||
r-oldrel-macos-x86_64 | 1.1 | 262.00 | OK | |||
r-oldrel-windows-x86_64 | 1.1 | 16.00 | 237.00 | 253.00 | OK |
Version: 1.1
Check: DESCRIPTION meta-information
Result: NOTE
Missing dependency on R >= 4.1.0 because package code uses the pipe
|> or function shorthand \(...) syntax added in R 4.1.0.
File(s) using such syntax:
‘functions.R’
Flavors: r-devel-linux-x86_64-debian-clang, r-devel-linux-x86_64-debian-gcc, r-devel-linux-x86_64-fedora-clang, r-devel-linux-x86_64-fedora-gcc, r-devel-windows-x86_64, r-patched-linux-x86_64, r-release-linux-x86_64, r-release-macos-arm64, r-release-macos-x86_64, r-release-windows-x86_64
Version: 1.1
Check: tests
Result: ERROR
Running ‘testthat.R’ [60s/76s]
Running the tests in ‘tests/testthat.R’ failed.
Complete output:
> library(testthat)
> library(circhelp)
Loading required package: data.table
Loading required package: ggplot2
> library(circular)
Attaching package: 'circular'
The following objects are masked from 'package:stats':
sd, var
> library(BAMBI)
Attaching package: 'BAMBI'
The following object is masked from 'package:circular':
wind
>
> test_check("circhelp")
[1] "Difference between expected and observed correlation is 0.000002"
[1] "Difference between expected and observed correlation is -0.000049"
[1] "Difference between expected and observed correlation is -0.000000"
[ FAIL 1 | WARN 6032 | SKIP 0 | PASS 15 ]
══ Failed tests ════════════════════════════════════════════════════════════════
── Error ('test-functions.R:70:3'): conversion from circular SD to kappa works both ways ──
Error in `besselI(x, 1, expon.scaled = TRUE)`: non-numeric argument to mathematical function
Backtrace:
▆
1. ├─testthat::expect_lt(...) at test-functions.R:70:3
2. │ └─testthat::quasi_label(enquo(object), label, arg = "object")
3. │ └─rlang::eval_bare(expr, quo_get_env(quo))
4. └─circhelp::vm_kappa_to_circ_sd_deg(kappa_from_deg)
5. └─circhelp::vm_kappa_to_circ_sd(kappa)
6. └─circhelp:::a_fun(kappa)
7. └─base::besselI(x, 1, expon.scaled = TRUE)
[ FAIL 1 | WARN 6032 | SKIP 0 | PASS 15 ]
Error: Test failures
Execution halted
Flavor: r-devel-linux-x86_64-debian-gcc