Last updated on 2024-06-17 06:50:12 CEST.
Flavor | Version | Tinstall | Tcheck | Ttotal | Status | Flags |
---|---|---|---|---|---|---|
r-devel-linux-x86_64-debian-clang | 0.4.1 | 2.38 | 32.04 | 34.42 | OK | |
r-devel-linux-x86_64-debian-gcc | 0.4.1 | 1.72 | 23.99 | 25.71 | OK | |
r-devel-linux-x86_64-fedora-clang | 0.4.1 | 41.93 | NOTE | |||
r-devel-linux-x86_64-fedora-gcc | 0.4.1 | 40.14 | OK | |||
r-devel-windows-x86_64 | 0.4.1 | 3.00 | 46.00 | 49.00 | OK | |
r-patched-linux-x86_64 | 0.4.1 | 2.46 | 30.53 | 32.99 | OK | |
r-release-linux-x86_64 | 0.4.1 | 2.07 | 30.34 | 32.41 | OK | |
r-release-macos-arm64 | 0.4.1 | 19.00 | OK | |||
r-release-macos-x86_64 | 0.4.1 | 26.00 | OK | |||
r-release-windows-x86_64 | 0.4.1 | 3.00 | 47.00 | 50.00 | OK | |
r-oldrel-macos-arm64 | 0.4.1 | 18.00 | OK | |||
r-oldrel-macos-x86_64 | 0.4.1 | 23.00 | OK | |||
r-oldrel-windows-x86_64 | 0.4.1 | 3.00 | 49.00 | 52.00 | OK |
Version: 0.4.1
Check: Rd cross-references
Result: NOTE
Undeclared package ‘reshape’ in Rd xrefs
Flavor: r-devel-linux-x86_64-fedora-clang