CRAN Package Check Results for Package clc

Last updated on 2025-05-03 12:54:37 CEST.

Flavor Version Tinstall Tcheck Ttotal Status Flags
r-devel-linux-x86_64-debian-clang 1.0.0 2.67 109.92 112.59 NOTE
r-devel-linux-x86_64-debian-gcc 1.0.0 2.01 79.11 81.12 NOTE
r-devel-linux-x86_64-fedora-clang 1.0.0 167.72 NOTE
r-devel-linux-x86_64-fedora-gcc 1.0.0 171.95 NOTE
r-devel-windows-x86_64 1.0.0 5.00 104.00 109.00 NOTE
r-patched-linux-x86_64 1.0.0 2.72 106.14 108.86 NOTE
r-release-linux-x86_64 NOTE
r-release-macos-arm64 1.0.0 86.00 NOTE
r-release-macos-x86_64 1.0.0 96.00 NOTE
r-release-windows-x86_64 1.0.0 6.00 105.00 111.00 NOTE
r-oldrel-macos-arm64 1.0.0 52.00 OK
r-oldrel-macos-x86_64 1.0.0 146.00 OK
r-oldrel-windows-x86_64 1.0.0 5.00 129.00 134.00 OK

Check Details

Version: 1.0.0
Check: DESCRIPTION meta-information
Result: NOTE Missing dependency on R >= 4.1.0 because package code uses the pipe |> or function shorthand \(...) syntax added in R 4.1.0. File(s) using such syntax: ‘as_raster.Rd’ ‘clc.R’ ‘clc_category.R’ ‘clc_raster.R’ ‘copy_to.Rd’ ‘cut_to_extent.Rd’ ‘get_colors.Rd’ ‘get_levels.Rd’ ‘get_raster.Rd’ ‘plot_clc.Rd’ ‘prepare_plot.Rd’ ‘save_to.Rd’ Flavors: r-devel-linux-x86_64-debian-clang, r-devel-linux-x86_64-debian-gcc, r-devel-linux-x86_64-fedora-clang, r-devel-linux-x86_64-fedora-gcc, r-devel-windows-x86_64, r-patched-linux-x86_64, r-release-linux-x86_64, r-release-macos-arm64, r-release-macos-x86_64, r-release-windows-x86_64