Last updated on 2024-06-17 06:50:12 CEST.
Flavor | Version | Tinstall | Tcheck | Ttotal | Status | Flags |
---|---|---|---|---|---|---|
r-devel-linux-x86_64-debian-clang | 0.1 | 2.04 | 21.75 | 23.79 | NOTE | |
r-devel-linux-x86_64-debian-gcc | 0.1 | 1.72 | 16.95 | 18.67 | NOTE | |
r-devel-linux-x86_64-fedora-clang | 0.1 | 29.67 | NOTE | |||
r-devel-linux-x86_64-fedora-gcc | 0.1 | 27.95 | NOTE | |||
r-devel-windows-x86_64 | 0.1 | 3.00 | 37.00 | 40.00 | NOTE | |
r-patched-linux-x86_64 | 0.1 | 2.17 | 20.92 | 23.09 | NOTE | |
r-release-linux-x86_64 | 0.1 | 1.95 | 20.94 | 22.89 | NOTE | |
r-release-macos-arm64 | 0.1 | 15.00 | NOTE | |||
r-release-macos-x86_64 | 0.1 | 27.00 | NOTE | |||
r-release-windows-x86_64 | 0.1 | 3.00 | 38.00 | 41.00 | NOTE | |
r-oldrel-macos-arm64 | 0.1 | 14.00 | NOTE | |||
r-oldrel-macos-x86_64 | 0.1 | 20.00 | NOTE | |||
r-oldrel-windows-x86_64 | 0.1 | 3.00 | 39.00 | 42.00 | NOTE |
Version: 0.1
Check: LazyData
Result: NOTE
'LazyData' is specified without a 'data' directory
Flavors: r-devel-linux-x86_64-debian-clang, r-devel-linux-x86_64-debian-gcc, r-devel-linux-x86_64-fedora-clang, r-devel-linux-x86_64-fedora-gcc, r-devel-windows-x86_64, r-patched-linux-x86_64, r-release-linux-x86_64, r-release-macos-arm64, r-release-macos-x86_64, r-release-windows-x86_64, r-oldrel-macos-arm64, r-oldrel-macos-x86_64, r-oldrel-windows-x86_64