Last updated on 2025-05-04 03:50:49 CEST.
Flavor | Version | Tinstall | Tcheck | Ttotal | Status | Flags |
---|---|---|---|---|---|---|
r-devel-linux-x86_64-debian-clang | 0.5.0 | 1.98 | 32.33 | 34.31 | NOTE | |
r-devel-linux-x86_64-debian-gcc | 0.5.0 | 1.59 | 22.13 | 23.72 | NOTE | |
r-devel-linux-x86_64-fedora-clang | 0.5.0 | 56.17 | OK | |||
r-devel-linux-x86_64-fedora-gcc | 0.5.0 | 51.28 | OK | |||
r-devel-windows-x86_64 | 0.5.0 | 3.00 | 57.00 | 60.00 | OK | |
r-patched-linux-x86_64 | 0.5.0 | 2.17 | 30.77 | 32.94 | OK | |
r-release-linux-x86_64 | OK | |||||
r-release-macos-arm64 | 0.5.0 | 24.00 | OK | |||
r-release-macos-x86_64 | 0.5.0 | 34.00 | OK | |||
r-release-windows-x86_64 | 0.5.0 | 3.00 | 61.00 | 64.00 | OK | |
r-oldrel-macos-arm64 | 0.5.0 | 24.00 | OK | |||
r-oldrel-macos-x86_64 | 0.5.0 | 29.00 | OK | |||
r-oldrel-windows-x86_64 | 0.5.0 | 4.00 | 57.00 | 61.00 | OK |
Version: 0.5.0
Check: CRAN incoming feasibility
Result: NOTE
Maintainer: ‘Xi (Rossi) Luo <xi.rossi.luo@gmail.com>’
No Authors@R field in DESCRIPTION.
Please add one, modifying
Authors@R: c(person(given = c("T.", "Tony"),
family = "Cai",
role = "aut"),
person(given = "Weidong",
family = "Liu",
role = "aut"),
person(given = "Xi",
family = "Luo",
role = "aut",
comment = "Rossi"),
person(given = "Xi",
family = "Luo",
role = "cre",
email = "xi.rossi.luo@gmail.com",
comment = "Rossi"))
as necessary.
Flavors: r-devel-linux-x86_64-debian-clang, r-devel-linux-x86_64-debian-gcc