CRAN Package Check Results for Package cloudml

Last updated on 2025-05-03 12:54:37 CEST.

Flavor Version Tinstall Tcheck Ttotal Status Flags
r-devel-linux-x86_64-debian-clang 0.6.1 2.77 31.92 34.69 NOTE
r-devel-linux-x86_64-debian-gcc 0.6.1 2.51 25.09 27.60 NOTE
r-devel-linux-x86_64-fedora-clang 0.6.1 57.54 OK
r-devel-linux-x86_64-fedora-gcc 0.6.1 81.70 OK
r-devel-windows-x86_64 0.6.1 5.00 55.00 60.00 NOTE
r-patched-linux-x86_64 0.6.1 3.51 30.98 34.49 NOTE
r-release-linux-x86_64 NOTE
r-release-macos-arm64 0.6.1 36.00 OK
r-release-macos-x86_64 0.6.1 63.00 OK
r-release-windows-x86_64 0.6.1 5.00 54.00 59.00 NOTE
r-oldrel-macos-arm64 0.6.1 34.00 NOTE
r-oldrel-macos-x86_64 0.6.1 48.00 NOTE
r-oldrel-windows-x86_64 0.6.1 6.00 66.00 72.00 NOTE

Check Details

Version: 0.6.1
Check: Rd cross-references
Result: NOTE Found the following Rd file(s) with Rd \link{} targets missing package anchors: cloudml_train.Rd: flags Please provide package anchors for all Rd \link{} targets not in the package itself and the base packages. Flavors: r-devel-linux-x86_64-debian-clang, r-devel-linux-x86_64-debian-gcc, r-devel-windows-x86_64, r-patched-linux-x86_64, r-release-linux-x86_64, r-release-windows-x86_64

Version: 0.6.1
Check: LazyData
Result: NOTE 'LazyData' is specified without a 'data' directory Flavors: r-oldrel-macos-arm64, r-oldrel-macos-x86_64, r-oldrel-windows-x86_64