Last updated on 2024-06-17 06:50:13 CEST.
Flavor | Version | Tinstall | Tcheck | Ttotal | Status | Flags |
---|---|---|---|---|---|---|
r-devel-linux-x86_64-debian-clang | 0.4.0 | 6.76 | 60.66 | 67.42 | NOTE | |
r-devel-linux-x86_64-debian-gcc | 0.4.0 | 5.88 | 44.54 | 50.42 | NOTE | |
r-devel-linux-x86_64-fedora-clang | 0.4.0 | 84.07 | NOTE | |||
r-devel-linux-x86_64-fedora-gcc | 0.4.0 | 79.38 | NOTE | |||
r-devel-windows-x86_64 | 0.4.0 | 8.00 | 64.00 | 72.00 | NOTE | |
r-patched-linux-x86_64 | 0.4.0 | 6.97 | 57.86 | 64.83 | NOTE | |
r-release-linux-x86_64 | 0.4.0 | 5.91 | 57.14 | 63.05 | NOTE | |
r-release-macos-arm64 | 0.4.0 | 28.00 | NOTE | |||
r-release-macos-x86_64 | 0.4.0 | 40.00 | NOTE | |||
r-release-windows-x86_64 | 0.4.0 | 8.00 | 62.00 | 70.00 | NOTE | |
r-oldrel-macos-arm64 | 0.4.0 | 27.00 | OK | |||
r-oldrel-macos-x86_64 | 0.4.0 | 42.00 | OK | |||
r-oldrel-windows-x86_64 | 0.4.0 | 11.00 | 74.00 | 85.00 | OK |
Version: 0.4.0
Check: Rd files
Result: NOTE
checkRd: (-1) cb_participant_count.Rd:13: Lost braces
13 | \item{query}{A phenotype query defined using the code{\link{phenotype}} function and logic operators (see example below)}
| ^
checkRd: (-1) phenotype.Rd:10: Lost braces
10 | \item{id}{A single phenotype id. Possible phenotyoes can be explored using the code{\link{cb_search_phenotypes}} function}
| ^
Flavors: r-devel-linux-x86_64-debian-clang, r-devel-linux-x86_64-debian-gcc, r-devel-linux-x86_64-fedora-clang, r-devel-linux-x86_64-fedora-gcc, r-devel-windows-x86_64, r-patched-linux-x86_64, r-release-linux-x86_64, r-release-macos-arm64, r-release-macos-x86_64, r-release-windows-x86_64