Last updated on 2025-05-03 12:54:37 CEST.
Flavor | Version | Tinstall | Tcheck | Ttotal | Status | Flags |
---|---|---|---|---|---|---|
r-devel-linux-x86_64-debian-clang | 0.1.2 | 6.34 | 44.01 | 50.35 | NOTE | |
r-devel-linux-x86_64-debian-gcc | 0.1.2 | 4.02 | 31.69 | 35.71 | NOTE | |
r-devel-linux-x86_64-fedora-clang | 0.1.2 | 78.37 | NOTE | |||
r-devel-linux-x86_64-fedora-gcc | 0.1.2 | 73.49 | NOTE | |||
r-devel-windows-x86_64 | 0.1.2 | 7.00 | 58.00 | 65.00 | NOTE | |
r-patched-linux-x86_64 | 0.1.2 | 5.24 | 40.70 | 45.94 | NOTE | |
r-release-linux-x86_64 | NOTE | |||||
r-release-macos-arm64 | 0.1.2 | 29.00 | NOTE | |||
r-release-macos-x86_64 | 0.1.2 | 43.00 | NOTE | |||
r-release-windows-x86_64 | 0.1.2 | 7.00 | 57.00 | 64.00 | NOTE | |
r-oldrel-macos-arm64 | 0.1.2 | 27.00 | NOTE | |||
r-oldrel-macos-x86_64 | 0.1.2 | 38.00 | NOTE | |||
r-oldrel-windows-x86_64 | 0.1.2 | 9.00 | 69.00 | 78.00 | NOTE |
Version: 0.1.2
Check: CRAN incoming feasibility
Result: NOTE
Maintainer: ‘Amandine Pierrot <amandine.m.pierrot@gmail.com>’
No Authors@R field in DESCRIPTION.
Please add one, modifying
Authors@R: c(person(given = c("Amandine", "Pierrot", "with", "contributions", "and/or", "help", "from", "Qiwei"),
family = "Yao",
role = "aut"),
person(given = "Haeran",
family = "Cho",
role = "aut"),
person(given = "Yannig",
family = "Goude",
role = "aut"),
person(given = "Tony",
family = "Aldon.",
role = "aut"),
person(given = "Amandine",
family = "Pierrot",
role = "cre",
email = "amandine.m.pierrot@gmail.com"))
as necessary.
Flavors: r-devel-linux-x86_64-debian-clang, r-devel-linux-x86_64-debian-gcc
Version: 0.1.2
Check: Rd files
Result: NOTE
checkRd: (-1) clr.Rd:24: Lost braces
24 | the sense that its Karhunen-Lo\`{e}ve decomposition has qx terms only.}
| ^
Flavors: r-devel-linux-x86_64-debian-clang, r-devel-linux-x86_64-debian-gcc, r-devel-linux-x86_64-fedora-clang, r-devel-linux-x86_64-fedora-gcc, r-devel-windows-x86_64, r-patched-linux-x86_64, r-release-linux-x86_64, r-release-macos-arm64, r-release-macos-x86_64, r-release-windows-x86_64, r-oldrel-macos-arm64, r-oldrel-macos-x86_64, r-oldrel-windows-x86_64