Last updated on 2025-05-05 21:50:58 CEST.
Flavor | Version | Tinstall | Tcheck | Ttotal | Status | Flags |
---|---|---|---|---|---|---|
r-devel-linux-x86_64-debian-clang | 1.1.0 | 3.22 | 25.63 | 28.85 | NOTE | |
r-devel-linux-x86_64-debian-gcc | 1.1.0 | 2.53 | 20.25 | 22.78 | NOTE | |
r-devel-linux-x86_64-fedora-clang | 1.1.0 | 45.30 | NOTE | |||
r-devel-linux-x86_64-fedora-gcc | 1.1.0 | 43.67 | NOTE | |||
r-devel-windows-x86_64 | 1.1.0 | 7.00 | 51.00 | 58.00 | NOTE | |
r-patched-linux-x86_64 | 1.1.0 | 3.26 | 24.90 | 28.16 | NOTE | |
r-release-linux-x86_64 | 1.1.0 | 3.22 | 24.53 | 27.75 | NOTE | |
r-release-macos-arm64 | 1.1.0 | 21.00 | NOTE | |||
r-release-macos-x86_64 | 1.1.0 | 32.00 | NOTE | |||
r-release-windows-x86_64 | 1.1.0 | 8.00 | 51.00 | 59.00 | NOTE | |
r-oldrel-macos-arm64 | 1.1.0 | 19.00 | NOTE | |||
r-oldrel-macos-x86_64 | 1.1.0 | 27.00 | NOTE | |||
r-oldrel-windows-x86_64 | 1.1.0 | 8.00 | 57.00 | 65.00 | NOTE |
Version: 1.1.0
Check: CRAN incoming feasibility
Result: NOTE
Maintainer: ‘Emmanuel S Tsyawo <estsyawo@temple.edu>’
No Authors@R field in DESCRIPTION.
Please add one, modifying
Authors@R: c(person(given = c("Emmanuel", "S"),
family = "Tsyawo",
role = c("aut", "cre"),
email = "estsyawo@temple.edu"),
person(given = "Abdul-Nasah",
family = "Soale",
role = "aut"))
as necessary.
Flavors: r-devel-linux-x86_64-debian-clang, r-devel-linux-x86_64-debian-gcc
Version: 1.1.0
Check: package subdirectories
Result: NOTE
Problems with news in ‘NEWS.md’:
No news entries found.
Flavors: r-devel-linux-x86_64-debian-clang, r-devel-linux-x86_64-debian-gcc, r-devel-linux-x86_64-fedora-clang, r-devel-linux-x86_64-fedora-gcc, r-devel-windows-x86_64, r-patched-linux-x86_64, r-release-linux-x86_64, r-release-macos-arm64, r-release-macos-x86_64, r-release-windows-x86_64, r-oldrel-macos-arm64, r-oldrel-macos-x86_64, r-oldrel-windows-x86_64
Version: 1.1.0
Check: LazyData
Result: NOTE
'LazyData' is specified without a 'data' directory
Flavors: r-oldrel-macos-arm64, r-oldrel-macos-x86_64, r-oldrel-windows-x86_64