Last updated on 2024-06-16 11:57:53 CEST.
Flavor | Version | Tinstall | Tcheck | Ttotal | Status | Flags |
---|---|---|---|---|---|---|
r-devel-linux-x86_64-debian-clang | 0.1.1 | 4.68 | 750.26 | 754.94 | NOTE | |
r-devel-linux-x86_64-debian-gcc | 0.1.1 | 2.77 | 503.99 | 506.76 | NOTE | |
r-devel-linux-x86_64-fedora-clang | 0.1.1 | 980.04 | NOTE | |||
r-devel-linux-x86_64-fedora-gcc | 0.1.1 | 858.47 | NOTE | |||
r-devel-windows-x86_64 | 0.1.1 | 4.00 | 46.00 | 50.00 | NOTE | --no-examples --no-tests --no-vignettes |
r-patched-linux-x86_64 | 0.1.1 | 4.17 | 857.47 | 861.64 | NOTE | |
r-release-linux-x86_64 | 0.1.1 | 3.93 | 725.97 | 729.90 | NOTE | |
r-release-macos-arm64 | 0.1.1 | 159.00 | NOTE | |||
r-release-macos-x86_64 | 0.1.1 | 442.00 | NOTE | |||
r-release-windows-x86_64 | 0.1.1 | 4.00 | 47.00 | 51.00 | NOTE | --no-examples --no-tests --no-vignettes |
r-oldrel-macos-arm64 | 0.1.1 | 191.00 | NOTE | |||
r-oldrel-macos-x86_64 | 0.1.1 | 350.00 | NOTE | |||
r-oldrel-windows-x86_64 | 0.1.1 | 5.00 | 38.00 | 43.00 | NOTE | --no-examples --no-tests --no-vignettes |
Version: 0.1.1
Check: LazyData
Result: NOTE
'LazyData' is specified without a 'data' directory
Flavors: r-devel-linux-x86_64-debian-clang, r-devel-linux-x86_64-debian-gcc, r-devel-linux-x86_64-fedora-clang, r-devel-linux-x86_64-fedora-gcc, r-patched-linux-x86_64, r-release-linux-x86_64, r-release-macos-arm64, r-release-macos-x86_64, r-oldrel-macos-arm64, r-oldrel-macos-x86_64
Version: 0.1.1
Flags: --no-examples --no-tests --no-vignettes
Check: LazyData
Result: NOTE
'LazyData' is specified without a 'data' directory
Flavors: r-devel-windows-x86_64, r-release-windows-x86_64, r-oldrel-windows-x86_64