Last updated on 2025-05-06 06:49:51 CEST.
Flavor | Version | Tinstall | Tcheck | Ttotal | Status | Flags |
---|---|---|---|---|---|---|
r-devel-linux-x86_64-debian-clang | 0.1.2 | 29.88 | 57.69 | 87.57 | NOTE | |
r-devel-linux-x86_64-debian-gcc | 0.1.2 | 18.56 | 43.38 | 61.94 | NOTE | |
r-devel-linux-x86_64-fedora-clang | 0.1.2 | 143.60 | NOTE | |||
r-devel-linux-x86_64-fedora-gcc | 0.1.2 | 137.27 | NOTE | |||
r-devel-windows-x86_64 | 0.1.2 | 33.00 | 86.00 | 119.00 | NOTE | |
r-patched-linux-x86_64 | 0.1.2 | 25.53 | 54.44 | 79.97 | NOTE | |
r-release-linux-x86_64 | 0.1.2 | 26.50 | 55.34 | 81.84 | NOTE | |
r-release-macos-arm64 | 0.1.2 | 48.00 | NOTE | |||
r-release-macos-x86_64 | 0.1.2 | 78.00 | NOTE | |||
r-release-windows-x86_64 | 0.1.2 | 33.00 | 88.00 | 121.00 | NOTE | |
r-oldrel-macos-arm64 | 0.1.2 | 44.00 | NOTE | |||
r-oldrel-macos-x86_64 | 0.1.2 | 56.00 | NOTE | |||
r-oldrel-windows-x86_64 | 0.1.2 | 40.00 | 105.00 | 145.00 | NOTE |
Version: 0.1.2
Check: CRAN incoming feasibility
Result: NOTE
Maintainer: ‘Simon Mak <sm769@duke.edu>’
No Authors@R field in DESCRIPTION.
Please add one, modifying
Authors@R: person(given = "Simon",
family = "Mak",
role = c("aut", "cre"),
email = "sm769@duke.edu")
as necessary.
Flavors: r-devel-linux-x86_64-debian-clang, r-devel-linux-x86_64-debian-gcc
Version: 0.1.2
Check: C++ specification
Result: NOTE
Specified C++11: please drop specification unless essential
Flavors: r-devel-linux-x86_64-debian-clang, r-devel-linux-x86_64-debian-gcc, r-devel-linux-x86_64-fedora-clang, r-devel-linux-x86_64-fedora-gcc, r-devel-windows-x86_64, r-patched-linux-x86_64, r-release-linux-x86_64, r-release-macos-arm64, r-release-macos-x86_64, r-release-windows-x86_64, r-oldrel-macos-arm64, r-oldrel-macos-x86_64, r-oldrel-windows-x86_64
Version: 0.1.2
Check: dependencies in R code
Result: NOTE
Namespace in Imports field not imported from: ‘MASS’
All declared Imports should be used.
Flavors: r-devel-linux-x86_64-fedora-clang, r-devel-linux-x86_64-fedora-gcc