Last updated on 2025-05-03 21:51:13 CEST.
Flavor | Version | Tinstall | Tcheck | Ttotal | Status | Flags |
---|---|---|---|---|---|---|
r-devel-linux-x86_64-debian-clang | 3.5.1-3 | 21.16 | 54.18 | 75.34 | NOTE | |
r-devel-linux-x86_64-debian-gcc | 3.5.1-3 | 19.22 | 39.15 | 58.37 | NOTE | |
r-devel-linux-x86_64-fedora-clang | 3.5.1-3 | 137.97 | OK | |||
r-devel-linux-x86_64-fedora-gcc | 3.5.1-3 | 160.45 | OK | |||
r-devel-windows-x86_64 | 3.5.1-3 | 29.00 | 84.00 | 113.00 | OK | |
r-patched-linux-x86_64 | 3.5.1-3 | 30.01 | 51.12 | 81.13 | OK | |
r-release-linux-x86_64 | OK | |||||
r-release-macos-arm64 | 3.5.1-3 | 48.00 | OK | |||
r-release-macos-x86_64 | 3.5.1-3 | 107.00 | OK | |||
r-release-windows-x86_64 | 3.5.1-3 | 31.00 | 86.00 | 117.00 | OK | |
r-oldrel-macos-arm64 | 3.5.1-3 | 46.00 | OK | |||
r-oldrel-macos-x86_64 | 3.5.1-3 | 64.00 | OK | |||
r-oldrel-windows-x86_64 | 3.5.1-3 | 29.00 | 99.00 | 128.00 | OK |
Version: 3.5.1-3
Check: CRAN incoming feasibility
Result: NOTE
Maintainer: ‘David Cortes <david.cortes.rivera@gmail.com>’
The Description field contains
extensions of the original model (Cortes, (2018) <arXiv:1809.00366>)
'implicit features' (Rendle, Zhang, Koren, (2019) <arXiv:1905.01395>),
Please refer to arXiv e-prints via their arXiv DOI <doi:10.48550/arXiv.YYMM.NNNNN>.
Flavors: r-devel-linux-x86_64-debian-clang, r-devel-linux-x86_64-debian-gcc