Last updated on 2025-11-27 12:49:35 CET.
| Flavor | Version | Tinstall | Tcheck | Ttotal | Status | Flags |
|---|---|---|---|---|---|---|
| r-devel-linux-x86_64-debian-clang | 0.4.0 | 54.16 | 146.04 | 200.20 | OK | |
| r-devel-linux-x86_64-debian-gcc | 0.4.0 | 40.22 | 102.30 | 142.52 | OK | |
| r-devel-linux-x86_64-fedora-clang | 0.4.0 | 136.00 | 214.96 | 350.96 | OK | |
| r-devel-linux-x86_64-fedora-gcc | 0.4.0 | 223.00 | 150.07 | 373.07 | OK | |
| r-devel-windows-x86_64 | 0.4.0 | 84.00 | 227.00 | 311.00 | OK | |
| r-patched-linux-x86_64 | 0.4.0 | 56.53 | 136.68 | 193.21 | OK | |
| r-release-linux-x86_64 | 0.4.0 | 54.68 | 136.66 | 191.34 | OK | |
| r-release-macos-arm64 | 0.4.0 | OK | ||||
| r-release-macos-x86_64 | 0.4.0 | 29.00 | 135.00 | 164.00 | OK | |
| r-release-windows-x86_64 | 0.4.0 | 73.00 | 222.00 | 295.00 | OK | |
| r-oldrel-macos-arm64 | 0.4.0 | NOTE | ||||
| r-oldrel-macos-x86_64 | 0.4.0 | 26.00 | 104.00 | 130.00 | NOTE | |
| r-oldrel-windows-x86_64 | 0.4.0 | 84.00 | 266.00 | 350.00 | OK |
Version: 0.4.0
Check: installed package size
Result: NOTE
installed size is 10.1Mb
sub-directories of 1Mb or more:
libs 9.2Mb
Flavors: r-oldrel-macos-arm64, r-oldrel-macos-x86_64