Last updated on 2025-05-03 21:51:13 CEST.
Flavor | Version | Tinstall | Tcheck | Ttotal | Status | Flags |
---|---|---|---|---|---|---|
r-devel-linux-x86_64-debian-clang | 1.1 | 11.66 | 55.65 | 67.31 | NOTE | |
r-devel-linux-x86_64-debian-gcc | 1.1 | 7.72 | 43.85 | 51.57 | NOTE | |
r-devel-linux-x86_64-fedora-clang | 1.1 | 113.07 | OK | |||
r-devel-linux-x86_64-fedora-gcc | 1.1 | 111.25 | OK | |||
r-devel-windows-x86_64 | 1.1 | 11.00 | 89.00 | 100.00 | OK | |
r-patched-linux-x86_64 | 1.1 | 11.45 | 53.39 | 64.84 | OK | |
r-release-linux-x86_64 | OK | |||||
r-release-macos-arm64 | 1.1 | 60.00 | OK | |||
r-release-macos-x86_64 | 1.1 | 161.00 | OK | |||
r-release-windows-x86_64 | 1.1 | 9.00 | 67.00 | 76.00 | OK | |
r-oldrel-macos-arm64 | 1.1 | 52.00 | OK | |||
r-oldrel-macos-x86_64 | 1.1 | 60.00 | OK | |||
r-oldrel-windows-x86_64 | 1.1 | 14.00 | 79.00 | 93.00 | OK |
Version: 1.1
Check: CRAN incoming feasibility
Result: NOTE
Maintainer: ‘Ana Belen Nieto Librero <ananieto@usal.es>’
No Authors@R field in DESCRIPTION.
Please add one, modifying
Authors@R: c(person(given = c("Ana", "Belen", "Nieto"),
family = "Librero",
role = c("aut", "cre"),
email = "ananieto@usal.es"),
person(given = "Priscila",
family = "Willems",
role = "aut",
email = "pwillems@bariloche.inta.gov.ar"),
person(given = c("Purificacion", "Galindo"),
family = "Villardon",
role = "aut",
email = "pgalindo@usal.es"))
as necessary.
Flavors: r-devel-linux-x86_64-debian-clang, r-devel-linux-x86_64-debian-gcc