Last updated on 2024-06-16 11:57:53 CEST.
Flavor | Version | Tinstall | Tcheck | Ttotal | Status | Flags |
---|---|---|---|---|---|---|
r-devel-linux-x86_64-debian-clang | 0.5.5 | 68.54 | 107.31 | 175.85 | OK | |
r-devel-linux-x86_64-debian-gcc | 0.5.5 | 48.77 | 78.53 | 127.30 | OK | |
r-devel-linux-x86_64-fedora-clang | 0.5.5 | 236.37 | NOTE | |||
r-devel-linux-x86_64-fedora-gcc | 0.5.5 | 255.10 | NOTE | |||
r-devel-windows-x86_64 | 0.5.5 | 56.00 | 114.00 | 170.00 | OK | |
r-patched-linux-x86_64 | 0.5.5 | 58.38 | 103.66 | 162.04 | OK | |
r-release-linux-x86_64 | 0.5.5 | 58.95 | 101.75 | 160.70 | OK | |
r-release-macos-arm64 | 0.5.5 | 65.00 | OK | |||
r-release-macos-x86_64 | 0.5.5 | 85.00 | OK | |||
r-release-windows-x86_64 | 0.5.5 | 54.00 | 115.00 | 169.00 | OK | |
r-oldrel-macos-arm64 | 0.5.5 | 78.00 | OK | |||
r-oldrel-macos-x86_64 | 0.5.5 | 153.00 | OK | |||
r-oldrel-windows-x86_64 | 0.5.5 | 67.00 | 142.00 | 209.00 | OK |
Version: 0.5.5
Check: data for non-ASCII characters
Result: NOTE
Note: found 27 marked UTF-8 strings
Flavors: r-devel-linux-x86_64-fedora-clang, r-devel-linux-x86_64-fedora-gcc